CRAN Package Check Results for Package junctions

Last updated on 2022-01-17 19:49:38 CET.

Flavor Version Tinstall Tcheck Ttotal Status Flags
r-devel-linux-x86_64-debian-clang 2.0.1 67.01 144.47 211.48 OK
r-devel-linux-x86_64-debian-gcc 2.0.1 44.43 131.42 175.85 OK
r-devel-linux-x86_64-fedora-clang 2.0.1 267.61 OK
r-devel-linux-x86_64-fedora-gcc 2.0.1 275.00 OK
r-devel-windows-x86_64-new-UL 2.0.1 106.00 216.00 322.00 OK
r-devel-windows-x86_64-new-TK 2.0.1 ERROR
r-patched-linux-x86_64 2.0.1 55.40 166.20 221.60 OK
r-release-linux-x86_64 2.0.1 OK
r-release-macos-arm64 2.0.1 NOTE
r-release-macos-x86_64 2.0.1 OK
r-release-windows-ix86+x86_64 2.0.1 159.00 245.00 404.00 OK
r-oldrel-macos-x86_64 2.0.1 OK
r-oldrel-windows-ix86+x86_64 2.0.1 160.00 243.00 403.00 OK

Check Details

Version: 2.0.1
Check: package dependencies
Result: ERROR
    Package required but not available: 'nloptr'
    
    See section 'The DESCRIPTION file' in the 'Writing R Extensions'
    manual.
Flavor: r-devel-windows-x86_64-new-TK

Version: 2.0.1
Check: installed package size
Result: NOTE
     installed size is 5.3Mb
     sub-directories of 1Mb or more:
     doc 2.0Mb
     libs 3.2Mb
Flavor: r-release-macos-arm64