CRAN Package Check Results for Package kader

Last updated on 2022-01-18 07:52:29 CET.

Flavor Version Tinstall Tcheck Ttotal Status Flags
r-devel-linux-x86_64-debian-clang 0.0.8 2.59 44.83 47.42 NOTE
r-devel-linux-x86_64-debian-gcc 0.0.8 2.34 34.79 37.13 NOTE
r-devel-linux-x86_64-fedora-clang 0.0.8 59.32 NOTE
r-devel-linux-x86_64-fedora-gcc 0.0.8 47.57 NOTE
r-devel-windows-x86_64-new-UL 0.0.8 24.00 77.00 101.00 NOTE
r-devel-windows-x86_64-new-TK 0.0.8 NOTE
r-patched-linux-x86_64 0.0.8 2.98 43.40 46.38 NOTE
r-release-linux-x86_64 0.0.8 NOTE
r-release-macos-arm64 0.0.8 NOTE
r-release-macos-x86_64 0.0.8 NOTE
r-release-windows-ix86+x86_64 0.0.8 6.00 70.00 76.00 NOTE
r-oldrel-macos-x86_64 0.0.8 OK
r-oldrel-windows-ix86+x86_64 0.0.8 6.00 70.00 76.00 OK

Check Details

Version: 0.0.8
Check: LazyData
Result: NOTE
     'LazyData' is specified without a 'data' directory
Flavors: r-devel-linux-x86_64-debian-clang, r-devel-linux-x86_64-debian-gcc, r-devel-linux-x86_64-fedora-clang, r-devel-linux-x86_64-fedora-gcc, r-devel-windows-x86_64-new-UL, r-devel-windows-x86_64-new-TK, r-patched-linux-x86_64, r-release-linux-x86_64, r-release-macos-arm64, r-release-macos-x86_64, r-release-windows-ix86+x86_64