Last updated on 2025-01-18 16:48:24 CET.
Flavor | Version | Tinstall | Tcheck | Ttotal | Status | Flags |
---|---|---|---|---|---|---|
r-devel-linux-x86_64-debian-clang | 1.1.0 | 36.41 | 26.94 | 63.35 | OK | |
r-devel-linux-x86_64-debian-gcc | 1.1.0 | 31.09 | 26.49 | 57.58 | OK | |
r-devel-linux-x86_64-fedora-clang | 1.1.0 | 107.85 | OK | |||
r-devel-linux-x86_64-fedora-gcc | 1.1.0 | 146.62 | OK | |||
r-devel-windows-x86_64 | 1.1.0 | 43.00 | 72.00 | 115.00 | OK | |
r-patched-linux-x86_64 | 1.1.0 | 45.88 | 32.93 | 78.81 | OK | |
r-release-linux-x86_64 | 1.1.0 | 43.42 | 32.58 | 76.00 | OK | |
r-release-macos-arm64 | 1.1.0 | 35.00 | NOTE | |||
r-release-macos-x86_64 | 1.1.0 | 86.00 | NOTE | |||
r-release-windows-x86_64 | 1.1.0 | 40.00 | 73.00 | 113.00 | OK | |
r-oldrel-macos-arm64 | 1.1.0 | 36.00 | NOTE | |||
r-oldrel-macos-x86_64 | 1.1.0 | 78.00 | NOTE | |||
r-oldrel-windows-x86_64 | 1.1.0 | 48.00 | 83.00 | 131.00 | OK |
Version: 1.1.0
Check: installed package size
Result: NOTE
installed size is 17.0Mb
sub-directories of 1Mb or more:
libs 16.8Mb
Flavors: r-release-macos-arm64, r-release-macos-x86_64, r-oldrel-macos-arm64, r-oldrel-macos-x86_64