CRAN Package Check Results for Package kendallRandomWalks

Last updated on 2024-03-03 08:52:36 CET.

Flavor Version Tinstall Tcheck Ttotal Status Flags
r-devel-linux-x86_64-debian-clang 0.9.4 5.73 180.16 185.89 NOTE
r-devel-linux-x86_64-debian-gcc 0.9.4 4.60 122.59 127.19 NOTE
r-devel-linux-x86_64-fedora-clang 0.9.4 214.75 NOTE
r-devel-linux-x86_64-fedora-gcc 0.9.4 224.37 NOTE
r-devel-windows-x86_64 0.9.4 7.00 126.00 133.00 NOTE
r-patched-linux-x86_64 0.9.4 5.71 179.81 185.52 NOTE
r-release-linux-x86_64 0.9.4 5.35 174.92 180.27 NOTE
r-release-macos-arm64 0.9.4 66.00 NOTE
r-release-macos-x86_64 0.9.4 109.00 NOTE
r-release-windows-x86_64 0.9.4 8.00 174.00 182.00 NOTE
r-oldrel-macos-arm64 0.9.4 52.00 NOTE
r-oldrel-windows-x86_64 0.9.4 9.00 163.00 172.00 NOTE

Check Details

Version: 0.9.4
Check: LazyData
Result: NOTE 'LazyData' is specified without a 'data' directory Flavors: r-devel-linux-x86_64-debian-clang, r-devel-linux-x86_64-debian-gcc, r-devel-linux-x86_64-fedora-clang, r-devel-linux-x86_64-fedora-gcc, r-devel-windows-x86_64, r-patched-linux-x86_64, r-release-linux-x86_64, r-release-macos-arm64, r-release-macos-x86_64, r-release-windows-x86_64, r-oldrel-macos-arm64, r-oldrel-windows-x86_64