Last updated on 2023-06-02 16:57:07 CEST.
Flavor | Version | Tinstall | Tcheck | Ttotal | Status | Flags |
---|---|---|---|---|---|---|
r-devel-linux-x86_64-debian-clang | 2.11.1 | 23.83 | 246.75 | 270.58 | OK | |
r-devel-linux-x86_64-debian-gcc | 2.11.1 | 23.22 | 188.04 | 211.26 | OK | |
r-devel-linux-x86_64-fedora-clang | 2.11.1 | 334.85 | OK | |||
r-devel-linux-x86_64-fedora-gcc | 2.11.1 | 333.93 | OK | |||
r-devel-windows-x86_64 | 2.11.1 | 23.00 | 273.00 | 296.00 | OK | |
r-patched-linux-x86_64 | 2.11.1 | OK | ||||
r-release-linux-x86_64 | 2.11.1 | 18.63 | 235.22 | 253.85 | OK | |
r-release-macos-arm64 | 2.11.1 | 113.00 | OK | |||
r-release-macos-x86_64 | 2.11.1 | 174.00 | NOTE | |||
r-release-windows-x86_64 | 2.11.1 | 33.00 | 324.00 | 357.00 | OK | |
r-oldrel-macos-arm64 | 2.11.1 | 75.00 | OK | |||
r-oldrel-macos-x86_64 | 2.11.1 | 107.00 | OK | |||
r-oldrel-windows-x86_64 | 2.11.1 | 33.00 | 216.00 | 249.00 | OK |
Version: 2.11.1
Check: installed package size
Result: NOTE
installed size is 5.4Mb
sub-directories of 1Mb or more:
doc 2.1Mb
help 2.4Mb
Flavor: r-release-macos-x86_64