Last updated on 2023-03-23 03:53:23 CET.
Flavor | Version | Tinstall | Tcheck | Ttotal | Status | Flags |
---|---|---|---|---|---|---|
r-devel-linux-x86_64-debian-clang | 0.4.2 | 235.01 | 193.63 | 428.64 | NOTE | |
r-devel-linux-x86_64-debian-gcc | 0.4.2 | 184.15 | 136.14 | 320.29 | NOTE | |
r-devel-linux-x86_64-fedora-clang | 0.4.2 | 642.50 | NOTE | |||
r-devel-linux-x86_64-fedora-gcc | 0.4.2 | 554.33 | NOTE | |||
r-patched-linux-x86_64 | 0.4.2 | 183.93 | 184.90 | 368.83 | OK | |
r-release-linux-x86_64 | 0.4.2 | 188.38 | 186.44 | 374.82 | OK | |
r-release-macos-arm64 | 0.4.2 | 151.00 | NOTE | |||
r-release-macos-x86_64 | 0.4.2 | 173.00 | NOTE | |||
r-release-windows-x86_64 | 0.4.2 | 373.00 | 238.00 | 611.00 | OK | |
r-oldrel-macos-arm64 | 0.4.2 | 147.00 | NOTE | |||
r-oldrel-macos-x86_64 | 0.4.2 | 175.00 | NOTE | |||
r-oldrel-windows-ix86+x86_64 | 0.4.2 | 580.00 | 357.00 | 937.00 | OK |
Version: 0.4.2
Check: C++ specification
Result: NOTE
Specified C++11: please drop specification unless essential
Flavors: r-devel-linux-x86_64-debian-clang, r-devel-linux-x86_64-debian-gcc, r-devel-linux-x86_64-fedora-clang, r-devel-linux-x86_64-fedora-gcc
Version: 0.4.2
Check: installed package size
Result: NOTE
installed size is 12.0Mb
sub-directories of 1Mb or more:
libs 11.6Mb
Flavors: r-release-macos-arm64, r-release-macos-x86_64, r-oldrel-macos-arm64, r-oldrel-macos-x86_64