CRAN Package Check Results for Package kindisperse

Last updated on 2022-01-21 23:48:50 CET.

Flavor Version Tinstall Tcheck Ttotal Status Flags
r-devel-linux-x86_64-debian-clang 0.10.2 12.92 134.74 147.66 OK
r-devel-linux-x86_64-debian-gcc 0.10.2 10.53 100.17 110.70 OK
r-devel-linux-x86_64-fedora-clang 0.10.2 173.78 NOTE
r-devel-linux-x86_64-fedora-gcc 0.10.2 161.74 NOTE
r-devel-windows-x86_64-new-UL 0.10.2 237.00 179.00 416.00 OK
r-devel-windows-x86_64-new-TK 0.10.2 NOTE
r-patched-linux-x86_64 0.10.2 11.65 125.38 137.03 OK
r-release-linux-x86_64 0.10.2 9.37 123.65 133.02 OK
r-release-macos-arm64 0.10.2 NOTE
r-release-macos-x86_64 0.10.2 NOTE
r-release-windows-ix86+x86_64 0.10.2 27.00 167.00 194.00 OK
r-oldrel-macos-x86_64 0.10.2 NOTE
r-oldrel-windows-ix86+x86_64 0.10.2 28.00 167.00 195.00 OK

Check Details

Version: 0.10.2
Check: dependencies in R code
Result: NOTE
    Namespaces in Imports field not imported from:
     ‘fitdistrplus’ ‘plotly’
     All declared Imports should be used.
Flavors: r-devel-linux-x86_64-fedora-clang, r-devel-linux-x86_64-fedora-gcc, r-devel-windows-x86_64-new-TK, r-release-macos-arm64, r-release-macos-x86_64, r-oldrel-macos-x86_64