CRAN Package Check Results for Package kknn

Last updated on 2021-11-28 07:50:46 CET.

Flavor Version Tinstall Tcheck Ttotal Status Flags
r-devel-linux-x86_64-debian-clang 1.3.1 OK
r-devel-linux-x86_64-debian-gcc 1.3.1 6.51 55.55 62.06 OK
r-devel-linux-x86_64-fedora-clang 1.3.1 115.81 NOTE
r-devel-linux-x86_64-fedora-gcc 1.3.1 96.90 NOTE
r-devel-windows-x86_64-new-UL 1.3.1 18.00 113.00 131.00 OK
r-devel-windows-x86_64-new-TK 1.3.1 OK
r-devel-windows-x86_64-old 1.3.1 9.00 95.00 104.00 OK
r-patched-linux-x86_64 1.3.1 10.71 69.93 80.64 OK
r-patched-solaris-x86 1.3.1 138.80 OK
r-release-linux-x86_64 1.3.1 9.86 69.63 79.49 OK
r-release-macos-arm64 1.3.1 OK
r-release-macos-x86_64 1.3.1 OK
r-release-windows-ix86+x86_64 1.3.1 21.00 88.00 109.00 OK
r-oldrel-macos-x86_64 1.3.1 OK
r-oldrel-windows-ix86+x86_64 1.3.1 15.00 118.00 133.00 OK

Check Details

Version: 1.3.1
Check: compiled code
Result: NOTE
    File ‘kknn/libs/kknn.so’:
     Found no calls to: ‘R_registerRoutines’, ‘R_useDynamicSymbols’
    
    It is good practice to register native routines and to disable symbol
    search.
    
    See ‘Writing portable packages’ in the ‘Writing R Extensions’ manual.
Flavors: r-devel-linux-x86_64-fedora-clang, r-devel-linux-x86_64-fedora-gcc