CRAN Package Check Results for Package kmer

Last updated on 2023-03-31 08:54:03 CEST.

Flavor Version Tinstall Tcheck Ttotal Status Flags
r-devel-linux-x86_64-debian-clang 1.1.2 23.18 49.76 72.94 NOTE
r-devel-linux-x86_64-debian-gcc 1.1.2 18.05 37.48 55.53 NOTE
r-devel-linux-x86_64-fedora-clang 1.1.2 98.53 NOTE
r-devel-linux-x86_64-fedora-gcc 1.1.2 104.40 NOTE
r-devel-windows-x86_64 1.1.2 43.00 0.00 43.00 NOTE
r-patched-linux-x86_64 1.1.2 15.59 47.03 62.62 NOTE
r-release-linux-x86_64 1.1.2 19.22 48.35 67.57 NOTE
r-release-macos-arm64 1.1.2 32.00 NOTE
r-release-macos-x86_64 1.1.2 40.00 NOTE
r-release-windows-x86_64 1.1.2 28.00 110.00 138.00 NOTE
r-oldrel-macos-arm64 1.1.2 36.00 NOTE
r-oldrel-macos-x86_64 1.1.2 54.00 NOTE
r-oldrel-windows-ix86+x86_64 1.1.2 54.00 105.00 159.00 NOTE

Check Details

Version: 1.1.2
Check: C++ specification
Result: NOTE
     Specified C++11: please drop specification unless essential
Flavors: r-devel-linux-x86_64-debian-clang, r-devel-linux-x86_64-debian-gcc, r-devel-linux-x86_64-fedora-clang, r-devel-linux-x86_64-fedora-gcc, r-devel-windows-x86_64, r-patched-linux-x86_64

Version: 1.1.2
Check: LazyData
Result: NOTE
     'LazyData' is specified without a 'data' directory
Flavors: r-devel-linux-x86_64-debian-clang, r-devel-linux-x86_64-debian-gcc, r-devel-linux-x86_64-fedora-clang, r-devel-linux-x86_64-fedora-gcc, r-devel-windows-x86_64, r-patched-linux-x86_64, r-release-linux-x86_64, r-release-macos-arm64, r-release-macos-x86_64, r-release-windows-x86_64, r-oldrel-macos-arm64, r-oldrel-macos-x86_64, r-oldrel-windows-ix86+x86_64