CRAN Package Check Results for Package kmer

Last updated on 2021-10-27 00:51:08 CEST.

Flavor Version Tinstall Tcheck Ttotal Status Flags
r-devel-linux-x86_64-debian-clang 1.1.2 19.63 46.02 65.65 NOTE
r-devel-linux-x86_64-debian-gcc 1.1.2 15.94 34.97 50.91 NOTE
r-devel-linux-x86_64-fedora-clang 1.1.2 98.83 NOTE
r-devel-linux-x86_64-fedora-gcc 1.1.2 83.99 NOTE
r-devel-windows-x86_64 1.1.2 31.00 79.00 110.00 NOTE
r-devel-windows-x86_64-gcc10-UCRT 1.1.2 NOTE
r-patched-linux-x86_64 1.1.2 16.11 43.87 59.98 NOTE
r-patched-solaris-x86 1.1.2 112.00 NOTE
r-release-linux-x86_64 1.1.2 18.87 43.40 62.27 NOTE
r-release-macos-arm64 1.1.2 NOTE
r-release-macos-x86_64 1.1.2 NOTE
r-release-windows-ix86+x86_64 1.1.2 36.00 95.00 131.00 NOTE
r-oldrel-macos-x86_64 1.1.2 OK
r-oldrel-windows-ix86+x86_64 1.1.2 55.00 104.00 159.00 OK

Check Details

Version: 1.1.2
Check: LazyData
Result: NOTE
     'LazyData' is specified without a 'data' directory
Flavors: r-devel-linux-x86_64-debian-clang, r-devel-linux-x86_64-debian-gcc, r-devel-linux-x86_64-fedora-clang, r-devel-linux-x86_64-fedora-gcc, r-devel-windows-x86_64, r-devel-windows-x86_64-gcc10-UCRT, r-patched-linux-x86_64, r-patched-solaris-x86, r-release-linux-x86_64, r-release-macos-arm64, r-release-macos-x86_64, r-release-windows-ix86+x86_64