CRAN Package Check Results for Package kml

Last updated on 2021-09-26 00:48:44 CEST.

Flavor Version Tinstall Tcheck Ttotal Status Flags
r-devel-linux-x86_64-debian-clang 2.4.1 9.29 61.64 70.93 NOTE
r-devel-linux-x86_64-debian-gcc 2.4.1 7.25 46.58 53.83 NOTE
r-devel-linux-x86_64-fedora-clang 2.4.1 94.77 NOTE
r-devel-linux-x86_64-fedora-gcc 2.4.1 81.99 NOTE
r-devel-windows-x86_64 2.4.1 12.00 67.00 79.00 OK
r-devel-windows-x86_64-gcc10-UCRT 2.4.1 OK
r-patched-linux-x86_64 2.4.1 14.61 59.88 74.49 NOTE
r-patched-solaris-x86 2.4.1 119.10 NOTE
r-release-linux-x86_64 2.4.1 8.28 59.95 68.23 NOTE
r-release-macos-arm64 2.4.1 OK
r-release-macos-x86_64 2.4.1 OK
r-release-windows-ix86+x86_64 2.4.1 21.00 77.00 98.00 OK
r-oldrel-macos-x86_64 2.4.1 OK
r-oldrel-windows-ix86+x86_64 2.4.1 14.00 79.00 93.00 OK

Check Details

Version: 2.4.1
Check: for non-standard things in the check directory
Result: NOTE
    Found the following files/directories:
     'cld1.Rdata' 'ld.Rdata' 'myCld.Rdata'
Flavors: r-devel-linux-x86_64-debian-clang, r-devel-linux-x86_64-debian-gcc, r-devel-linux-x86_64-fedora-clang, r-devel-linux-x86_64-fedora-gcc, r-patched-linux-x86_64, r-patched-solaris-x86, r-release-linux-x86_64

Version: 2.4.1
Check: Rd cross-references
Result: NOTE
    Undeclared package ‘kml3d’ in Rd xrefs
Flavor: r-devel-linux-x86_64-fedora-clang

Version: 2.4.1
Check: compiled code
Result: NOTE
    File ‘kml/libs/kml.so’:
     Found no calls to: ‘R_registerRoutines’, ‘R_useDynamicSymbols’
    
    It is good practice to register native routines and to disable symbol
    search.
    
    See ‘Writing portable packages’ in the ‘Writing R Extensions’ manual.
Flavors: r-devel-linux-x86_64-fedora-clang, r-devel-linux-x86_64-fedora-gcc