CRAN Package Check Results for Package kofnGA

Last updated on 2023-06-05 21:59:09 CEST.

Flavor Version Tinstall Tcheck Ttotal Status Flags
r-devel-linux-x86_64-debian-clang 1.3 3.70 35.31 39.01 NOTE
r-devel-linux-x86_64-debian-gcc 1.3 2.44 26.66 29.10 NOTE
r-devel-linux-x86_64-fedora-clang 1.3 47.93 NOTE
r-devel-linux-x86_64-fedora-gcc 1.3 45.92 NOTE
r-devel-windows-x86_64 1.3 9.00 47.00 56.00 NOTE
r-patched-linux-x86_64 1.3 3.13 33.63 36.76 NOTE
r-release-linux-x86_64 1.3 3.03 33.83 36.86 NOTE
r-release-macos-arm64 1.3 20.00 NOTE
r-release-macos-x86_64 1.3 27.00 NOTE
r-release-windows-x86_64 1.3 5.00 50.00 55.00 NOTE
r-oldrel-macos-arm64 1.3 21.00 NOTE
r-oldrel-macos-x86_64 1.3 26.00 NOTE
r-oldrel-windows-x86_64 1.3 5.00 53.00 58.00 NOTE

Check Details

Version: 1.3
Check: LazyData
Result: NOTE
     'LazyData' is specified without a 'data' directory
Flavors: r-devel-linux-x86_64-debian-clang, r-devel-linux-x86_64-debian-gcc, r-devel-linux-x86_64-fedora-clang, r-devel-linux-x86_64-fedora-gcc, r-devel-windows-x86_64, r-patched-linux-x86_64, r-release-linux-x86_64, r-release-macos-arm64, r-release-macos-x86_64, r-release-windows-x86_64, r-oldrel-macos-arm64, r-oldrel-macos-x86_64, r-oldrel-windows-x86_64