Last updated on 2023-03-29 00:57:10 CEST.
Flavor | Version | Tinstall | Tcheck | Ttotal | Status | Flags |
---|---|---|---|---|---|---|
r-devel-linux-x86_64-debian-clang | 0.4.0 | 6.71 | 89.63 | 96.34 | OK | |
r-devel-linux-x86_64-debian-gcc | 0.4.0 | 6.22 | 66.55 | 72.77 | OK | |
r-devel-linux-x86_64-fedora-clang | 0.4.0 | 121.31 | NOTE | |||
r-devel-linux-x86_64-fedora-gcc | 0.4.0 | 125.97 | NOTE | |||
r-devel-windows-x86_64 | 0.4.0 | 25.00 | 0.00 | 25.00 | OK | |
r-patched-linux-x86_64 | 0.4.0 | 6.82 | 84.81 | 91.63 | OK | |
r-release-linux-x86_64 | 0.4.0 | 5.09 | 85.86 | 90.95 | OK | |
r-release-macos-arm64 | 0.4.0 | 38.00 | NOTE | |||
r-release-macos-x86_64 | 0.4.0 | 68.00 | NOTE | |||
r-release-windows-x86_64 | 0.4.0 | 22.00 | 114.00 | 136.00 | OK | |
r-oldrel-macos-arm64 | 0.4.0 | 46.00 | NOTE | |||
r-oldrel-macos-x86_64 | 0.4.0 | 49.00 | NOTE | |||
r-oldrel-windows-ix86+x86_64 | 0.4.0 | 17.00 | 114.00 | 131.00 | OK |
Version: 0.4.0
Check: dependencies in R code
Result: NOTE
Namespaces in Imports field not imported from:
‘mice’ ‘tibble’
All declared Imports should be used.
Flavors: r-devel-linux-x86_64-fedora-clang, r-devel-linux-x86_64-fedora-gcc, r-release-macos-arm64, r-release-macos-x86_64, r-oldrel-macos-arm64, r-oldrel-macos-x86_64