CRAN Package Check Results for Package kosel

Last updated on 2022-01-26 23:50:22 CET.

Flavor Version Tinstall Tcheck Ttotal Status Flags
r-devel-linux-x86_64-debian-clang 0.0.1 6.77 80.26 87.03 NOTE
r-devel-linux-x86_64-debian-gcc 0.0.1 6.98 61.05 68.03 NOTE
r-devel-linux-x86_64-fedora-clang 0.0.1 102.48 NOTE
r-devel-linux-x86_64-fedora-gcc 0.0.1 95.64 NOTE
r-devel-windows-x86_64-new-UL 0.0.1 20.00 94.00 114.00 NOTE
r-devel-windows-x86_64-new-TK 0.0.1 NOTE
r-patched-linux-x86_64 0.0.1 8.40 73.23 81.63 NOTE
r-release-linux-x86_64 0.0.1 7.80 74.29 82.09 NOTE
r-release-macos-arm64 0.0.1 NOTE
r-release-macos-x86_64 0.0.1 NOTE
r-release-windows-ix86+x86_64 0.0.1 17.00 84.00 101.00 NOTE
r-oldrel-macos-x86_64 0.0.1 OK
r-oldrel-windows-ix86+x86_64 0.0.1 18.00 85.00 103.00 OK

Check Details

Version: 0.0.1
Check: LazyData
Result: NOTE
     'LazyData' is specified without a 'data' directory
Flavors: r-devel-linux-x86_64-debian-clang, r-devel-linux-x86_64-debian-gcc, r-devel-linux-x86_64-fedora-clang, r-devel-linux-x86_64-fedora-gcc, r-devel-windows-x86_64-new-UL, r-devel-windows-x86_64-new-TK, r-patched-linux-x86_64, r-release-linux-x86_64, r-release-macos-arm64, r-release-macos-x86_64, r-release-windows-ix86+x86_64