CRAN Package Check Results for Package kutils

Last updated on 2021-10-26 12:54:27 CEST.

Flavor Version Tinstall Tcheck Ttotal Status Flags
r-devel-linux-x86_64-debian-clang 1.70 5.81 66.31 72.12 OK
r-devel-linux-x86_64-debian-gcc 1.70 4.85 50.90 55.75 OK
r-devel-linux-x86_64-fedora-clang 1.70 100.62 NOTE
r-devel-linux-x86_64-fedora-gcc 1.70 89.25 NOTE
r-devel-windows-x86_64 1.70 11.00 74.00 85.00 OK
r-devel-windows-x86_64-gcc10-UCRT 1.70 NOTE
r-patched-linux-x86_64 1.70 7.53 65.15 72.68 OK
r-patched-solaris-x86 1.70 121.00 NOTE
r-release-linux-x86_64 1.70 5.82 63.39 69.21 OK
r-release-macos-arm64 1.70 NOTE
r-release-macos-x86_64 1.70 NOTE
r-release-windows-ix86+x86_64 1.70 9.00 93.00 102.00 OK
r-oldrel-macos-x86_64 1.70 NOTE
r-oldrel-windows-ix86+x86_64 1.70 13.00 99.00 112.00 OK

Check Details

Version: 1.70
Check: dependencies in R code
Result: NOTE
    Namespace in Imports field not imported from: ‘RUnit’
     All declared Imports should be used.
Flavors: r-devel-linux-x86_64-fedora-clang, r-devel-linux-x86_64-fedora-gcc, r-devel-windows-x86_64-gcc10-UCRT, r-patched-solaris-x86, r-release-macos-arm64, r-release-macos-x86_64, r-oldrel-macos-x86_64