Last updated on 2024-10-14 09:27:14 CEST.
Flavor | Version | Tinstall | Tcheck | Ttotal | Status | Flags |
---|---|---|---|---|---|---|
r-devel-linux-x86_64-debian-clang | 1.0.1 | 43.32 | 91.86 | 135.18 | NOTE | |
r-devel-linux-x86_64-debian-gcc | 1.0.1 | 33.25 | 68.57 | 101.82 | NOTE | |
r-devel-linux-x86_64-fedora-clang | 1.0.1 | 245.44 | OK | |||
r-devel-linux-x86_64-fedora-gcc | 1.0.1 | 251.18 | OK | |||
r-devel-windows-x86_64 | 1.0.1 | 57.00 | 133.00 | 190.00 | NOTE | |
r-patched-linux-x86_64 | 1.0.1 | 48.30 | 89.78 | 138.08 | OK | |
r-release-linux-x86_64 | 1.0.1 | 45.14 | 89.23 | 134.37 | OK | |
r-release-macos-arm64 | 1.0.1 | 78.00 | OK | |||
r-release-macos-x86_64 | 1.0.1 | 187.00 | OK | |||
r-release-windows-x86_64 | 1.0.1 | 57.00 | 131.00 | 188.00 | OK | |
r-oldrel-macos-arm64 | 1.0.1 | 77.00 | OK | |||
r-oldrel-macos-x86_64 | 1.0.1 | 122.00 | OK | |||
r-oldrel-windows-x86_64 | 1.0.1 | 73.00 | 158.00 | 231.00 | OK |
Version: 1.0.1
Check: Rd cross-references
Result: NOTE
Found the following Rd file(s) with Rd \link{} targets missing package
anchors:
bounding_box.Rd: data.table
voxelize.Rd: data.table
Please provide package anchors for all Rd \link{} targets not in the
package itself and the base packages.
Flavors: r-devel-linux-x86_64-debian-clang, r-devel-linux-x86_64-debian-gcc, r-devel-windows-x86_64