CRAN Package Check Results for Package laeken

Last updated on 2021-09-26 00:48:44 CEST.

Flavor Version Tinstall Tcheck Ttotal Status Flags
r-devel-linux-x86_64-debian-clang 0.5.1 7.50 147.47 154.97 OK
r-devel-linux-x86_64-debian-gcc 0.5.1 5.07 114.32 119.39 OK
r-devel-linux-x86_64-fedora-clang 0.5.1 183.83 NOTE
r-devel-linux-x86_64-fedora-gcc 0.5.1 174.52 OK
r-devel-windows-x86_64 0.5.1 11.00 132.00 143.00 OK
r-devel-windows-x86_64-gcc10-UCRT 0.5.1 OK
r-patched-linux-x86_64 0.5.1 7.43 140.83 148.26 OK
r-patched-solaris-x86 0.5.1 260.30 OK
r-release-linux-x86_64 0.5.1 6.50 140.82 147.32 OK
r-release-macos-arm64 0.5.1 OK
r-release-macos-x86_64 0.5.1 OK
r-release-windows-ix86+x86_64 0.5.1 12.00 137.00 149.00 OK
r-oldrel-macos-x86_64 0.5.1 OK
r-oldrel-windows-ix86+x86_64 0.5.1 33.00 142.00 175.00 OK

Check Details

Version: 0.5.1
Check: Rd cross-references
Result: NOTE
    Undeclared package ‘sampling’ in Rd xrefs
Flavor: r-devel-linux-x86_64-fedora-clang