CRAN Package Check Results for Package lamW

Last updated on 2021-12-04 19:52:59 CET.

Flavor Version Tinstall Tcheck Ttotal Status Flags
r-devel-linux-x86_64-debian-clang 2.1.0 22.23 35.31 57.54 NOTE
r-devel-linux-x86_64-debian-gcc 2.1.0 13.43 28.29 41.72 NOTE
r-devel-linux-x86_64-fedora-clang 2.1.0 74.01 NOTE
r-devel-linux-x86_64-fedora-gcc 2.1.0 58.58 NOTE
r-devel-windows-x86_64-new-UL 2.1.0 31.00 89.00 120.00 NOTE
r-devel-windows-x86_64-new-TK 2.1.0 NOTE
r-devel-windows-x86_64-old 2.1.0 27.00 43.00 70.00 NOTE
r-patched-linux-x86_64 2.1.0 19.04 26.32 45.36 NOTE
r-release-linux-x86_64 2.1.0 18.59 26.39 44.98 NOTE
r-release-macos-arm64 2.1.0 NOTE
r-release-macos-x86_64 2.1.0 NOTE
r-release-windows-ix86+x86_64 2.1.0 50.00 72.00 122.00 NOTE
r-oldrel-macos-x86_64 2.1.0 NOTE
r-oldrel-windows-ix86+x86_64 2.1.0 46.00 69.00 115.00 NOTE

Check Details

Version: 2.1.0
Check: for GNU extensions in Makefiles
Result: NOTE
    GNU make is a SystemRequirements.
Flavors: r-devel-linux-x86_64-debian-clang, r-devel-linux-x86_64-debian-gcc, r-devel-linux-x86_64-fedora-clang, r-devel-linux-x86_64-fedora-gcc, r-devel-windows-x86_64-new-UL, r-devel-windows-x86_64-new-TK, r-devel-windows-x86_64-old, r-patched-linux-x86_64, r-release-linux-x86_64, r-release-macos-arm64, r-release-macos-x86_64, r-release-windows-ix86+x86_64, r-oldrel-macos-x86_64, r-oldrel-windows-ix86+x86_64

Version: 2.1.0
Check: Rd cross-references
Result: NOTE
    Undeclared package ‘gsl’ in Rd xrefs
Flavor: r-devel-linux-x86_64-fedora-clang