Last updated on 2023-12-02 12:48:21 CET.
Flavor | Version | Tinstall | Tcheck | Ttotal | Status | Flags |
---|---|---|---|---|---|---|
r-devel-linux-x86_64-debian-clang | 2.0.1 | 35.10 | 196.46 | 231.56 | NOTE | |
r-devel-linux-x86_64-debian-gcc | 2.0.1 | 28.60 | 146.17 | 174.77 | NOTE | |
r-devel-linux-x86_64-fedora-clang | 2.0.1 | 298.45 | OK | |||
r-devel-linux-x86_64-fedora-gcc | 2.0.1 | 309.15 | OK | |||
r-devel-windows-x86_64 | 2.0.1 | 29.00 | 160.00 | 189.00 | OK | |
r-patched-linux-x86_64 | 2.0.1 | 23.64 | 187.48 | 211.12 | OK | |
r-release-linux-x86_64 | 2.0.1 | 22.69 | 189.46 | 212.15 | OK | |
r-release-macos-arm64 | 2.0.1 | 102.00 | OK | |||
r-release-macos-x86_64 | 2.0.1 | 158.00 | OK | |||
r-release-windows-x86_64 | 2.0.1 | 41.00 | 192.00 | 233.00 | OK | |
r-oldrel-macos-arm64 | 2.0.1 | 79.00 | OK | |||
r-oldrel-macos-x86_64 | 2.0.1 | 110.00 | OK | |||
r-oldrel-windows-x86_64 | 2.0.1 | 40.00 | 192.00 | 232.00 | OK |
Version: 2.0.1
Check: Rd files
Result: NOTE
checkRd: (-1) evaluation.Rd:38: Lost braces in \itemize; \value handles \item{}{} directly
checkRd: (-1) evaluation.Rd:39: Lost braces in \itemize; \value handles \item{}{} directly
checkRd: (-1) evaluation.Rd:40: Lost braces in \itemize; \value handles \item{}{} directly
checkRd: (-1) evaluation.Rd:41: Lost braces in \itemize; \value handles \item{}{} directly
checkRd: (-1) evaluation.Rd:42: Lost braces in \itemize; \value handles \item{}{} directly
checkRd: (-1) evaluation.Rd:43: Lost braces in \itemize; \value handles \item{}{} directly
checkRd: (-1) evaluation.Rd:44: Lost braces in \itemize; \value handles \item{}{} directly
checkRd: (-1) evaluation.Rd:45: Lost braces in \itemize; \value handles \item{}{} directly
checkRd: (-1) evaluation.Rd:46: Lost braces in \itemize; \value handles \item{}{} directly
checkRd: (-1) evaluation.Rd:47: Lost braces in \itemize; \value handles \item{}{} directly
checkRd: (-1) evaluation.Rd:48: Lost braces in \itemize; \value handles \item{}{} directly
checkRd: (-1) evaluation.Rd:49: Lost braces in \itemize; \value handles \item{}{} directly
checkRd: (-1) evaluation.Rd:50: Lost braces in \itemize; \value handles \item{}{} directly
checkRd: (-1) evaluation.Rd:51: Lost braces in \itemize; \value handles \item{}{} directly
checkRd: (-1) evaluation.Rd:52: Lost braces in \itemize; \value handles \item{}{} directly
checkRd: (-1) evaluation.Rd:53: Lost braces in \itemize; \value handles \item{}{} directly
checkRd: (-1) evaluation.Rd:54: Lost braces in \itemize; \value handles \item{}{} directly
checkRd: (-1) evaluation.Rd:55: Lost braces in \itemize; \value handles \item{}{} directly
checkRd: (-1) evaluation.Rd:56: Lost braces in \itemize; \value handles \item{}{} directly
checkRd: (-1) evaluation.Rd:57: Lost braces in \itemize; \value handles \item{}{} directly
checkRd: (-1) evaluation.Rd:58: Lost braces in \itemize; \value handles \item{}{} directly
checkRd: (-1) evaluation.Rd:59: Lost braces in \itemize; \value handles \item{}{} directly
checkRd: (-1) gen_data.Rd:35: Lost braces in \itemize; \value handles \item{}{} directly
checkRd: (-1) gen_data.Rd:36-37: Lost braces in \itemize; \value handles \item{}{} directly
checkRd: (-1) get_types.Rd:17: Lost braces in \itemize; \value handles \item{}{} directly
checkRd: (-1) interpolation.Rd:23: Lost braces in \itemize; \value handles \item{}{} directly
checkRd: (-1) interpolation.Rd:24: Lost braces in \itemize; \value handles \item{}{} directly
checkRd: (-1) latentcor.Rd:38: Lost braces in \itemize; \value handles \item{}{} directly
checkRd: (-1) latentcor.Rd:39: Lost braces in \itemize; \value handles \item{}{} directly
checkRd: (-1) latentcor.Rd:40: Lost braces in \itemize; \value handles \item{}{} directly
checkRd: (-1) latentcor.Rd:41: Lost braces in \itemize; \value handles \item{}{} directly
checkRd: (-1) latentcor.Rd:42: Lost braces in \itemize; \value handles \item{}{} directly
Flavors: r-devel-linux-x86_64-debian-clang, r-devel-linux-x86_64-debian-gcc