Last updated on 2023-03-28 12:54:44 CEST.
Flavor | Version | Tinstall | Tcheck | Ttotal | Status | Flags |
---|---|---|---|---|---|---|
r-devel-linux-x86_64-debian-clang | 1.1 | 43.28 | 80.94 | 124.22 | NOTE | |
r-devel-linux-x86_64-debian-gcc | 1.1 | 30.46 | 63.31 | 93.77 | NOTE | |
r-devel-linux-x86_64-fedora-clang | 1.1 | 158.68 | NOTE | |||
r-devel-linux-x86_64-fedora-gcc | 1.1 | 145.04 | NOTE | |||
r-patched-linux-x86_64 | 1.1 | 27.87 | 79.16 | 107.03 | NOTE | |
r-release-linux-x86_64 | 1.1 | 32.07 | 79.06 | 111.13 | OK | |
r-release-macos-arm64 | 1.1 | 41.00 | OK | |||
r-release-macos-x86_64 | 1.1 | 58.00 | OK | |||
r-release-windows-x86_64 | 1.1 | 43.00 | 136.00 | 179.00 | OK | |
r-oldrel-macos-arm64 | 1.1 | 49.00 | OK | |||
r-oldrel-macos-x86_64 | 1.1 | 61.00 | OK | |||
r-oldrel-windows-ix86+x86_64 | 1.1 | 89.00 | 159.00 | 248.00 | OK |
Version: 1.1
Check: C++ specification
Result: NOTE
Specified C++11: please drop specification unless essential
Flavors: r-devel-linux-x86_64-debian-clang, r-devel-linux-x86_64-debian-gcc, r-devel-linux-x86_64-fedora-clang, r-devel-linux-x86_64-fedora-gcc, r-patched-linux-x86_64