CRAN Package Check Results for Package latticeDensity

Last updated on 2023-10-02 09:04:53 CEST.

Flavor Version Tinstall Tcheck Ttotal Status Flags
r-devel-linux-x86_64-debian-clang 1.2.6 16.99 246.28 263.27 OK
r-devel-linux-x86_64-debian-gcc 1.2.6 14.19 190.51 204.70 OK
r-devel-linux-x86_64-fedora-clang 1.2.6 302.13 NOTE
r-devel-linux-x86_64-fedora-gcc 1.2.6 346.36 NOTE
r-devel-windows-x86_64 1.2.6 17.00 189.00 206.00 OK
r-patched-linux-x86_64 1.2.6 13.32 249.88 263.20 OK
r-release-linux-x86_64 1.2.6 12.54 245.19 257.73 OK
r-release-macos-arm64 1.2.6 110.00 OK
r-release-macos-x86_64 1.2.6 188.00 OK
r-release-windows-x86_64 1.2.6 22.00 248.00 270.00 OK
r-oldrel-macos-arm64 1.2.6 144.00 NOTE
r-oldrel-macos-x86_64 1.2.6 248.00 NOTE
r-oldrel-windows-x86_64 1.2.6 24.00 242.00 266.00 OK

Check Details

Version: 1.2.6
Check: dependencies in R code
Result: NOTE
    Namespace in Imports field not imported from: ‘sf’
     All declared Imports should be used.
Flavors: r-devel-linux-x86_64-fedora-clang, r-devel-linux-x86_64-fedora-gcc, r-oldrel-macos-arm64, r-oldrel-macos-x86_64