CRAN Package Check Results for Package lavaan.survey

Last updated on 2021-09-23 12:57:54 CEST.

Flavor Version Tinstall Tcheck Ttotal Status Flags
r-devel-linux-x86_64-debian-clang 1.1.3.1 7.81 87.04 94.85 OK
r-devel-linux-x86_64-debian-gcc 1.1.3.1 6.91 67.30 74.21 OK
r-devel-linux-x86_64-fedora-clang 1.1.3.1 121.57 OK
r-devel-linux-x86_64-fedora-gcc 1.1.3.1 110.98 OK
r-devel-windows-x86_64 1.1.3.1 9.00 87.00 96.00 OK
r-devel-windows-x86_64-gcc10-UCRT 1.1.3.1 ERROR
r-patched-linux-x86_64 1.1.3.1 12.01 83.83 95.84 OK
r-patched-solaris-x86 1.1.3.1 170.70 OK
r-release-linux-x86_64 1.1.3.1 8.72 83.40 92.12 OK
r-release-macos-arm64 1.1.3.1 OK
r-release-macos-x86_64 1.1.3.1 OK
r-release-windows-ix86+x86_64 1.1.3.1 20.00 75.00 95.00 OK
r-oldrel-macos-x86_64 1.1.3.1 OK
r-oldrel-windows-ix86+x86_64 1.1.3.1 15.00 81.00 96.00 OK

Check Details

Version: 1.1.3.1
Check: PDF version of manual
Result: WARN
    LaTeX errors when creating PDF version.
    This typically indicates Rd problems.
Flavor: r-devel-windows-x86_64-gcc10-UCRT

Version: 1.1.3.1
Check: PDF version of manual without hyperrefs or index
Result: ERROR
    Re-running with no redirection of stdout/stderr.
Flavor: r-devel-windows-x86_64-gcc10-UCRT