CRAN Package Check Results for Package lcmm

Last updated on 2021-09-26 00:48:44 CEST.

Flavor Version Tinstall Tcheck Ttotal Status Flags
r-devel-linux-x86_64-debian-clang 1.9.3 107.73 423.01 530.74 OK
r-devel-linux-x86_64-debian-gcc 1.9.3 97.95 287.88 385.83 OK
r-devel-linux-x86_64-fedora-clang 1.9.3 683.74 OK
r-devel-linux-x86_64-fedora-gcc 1.9.3 668.57 OK
r-devel-windows-x86_64 1.9.3 116.00 413.00 529.00 OK
r-devel-windows-x86_64-gcc10-UCRT 1.9.3 OK
r-patched-linux-x86_64 1.9.3 106.37 425.14 531.51 OK
r-patched-solaris-x86 1.9.3 1063.60 NOTE
r-release-linux-x86_64 1.9.3 108.39 426.11 534.50 OK
r-release-macos-arm64 1.9.3 NOTE
r-release-macos-x86_64 1.9.3 OK
r-release-windows-ix86+x86_64 1.9.3 253.00 460.00 713.00 NOTE
r-oldrel-macos-x86_64 1.9.3 OK
r-oldrel-windows-ix86+x86_64 1.9.3 183.00 471.00 654.00 NOTE

Check Details

Version: 1.9.3
Check: installed package size
Result: NOTE
     installed size is 5.2Mb
     sub-directories of 1Mb or more:
     R 1.4Mb
     doc 1.2Mb
     libs 2.3Mb
Flavors: r-patched-solaris-x86, r-release-macos-arm64, r-release-windows-ix86+x86_64, r-oldrel-windows-ix86+x86_64