Last updated on 2023-03-23 07:54:30 CET.
Flavor | Version | Tinstall | Tcheck | Ttotal | Status | Flags |
---|---|---|---|---|---|---|
r-devel-linux-x86_64-debian-clang | 1.0.5 | 34.89 | 95.78 | 130.67 | WARN | |
r-devel-linux-x86_64-debian-gcc | 1.0.5 | 31.40 | 74.27 | 105.67 | WARN | |
r-devel-linux-x86_64-fedora-clang | 1.0.5 | 191.55 | WARN | |||
r-devel-linux-x86_64-fedora-gcc | 1.0.5 | 166.10 | WARN | |||
r-patched-linux-x86_64 | 1.0.5 | 36.75 | 92.02 | 128.77 | OK | |
r-release-linux-x86_64 | 1.0.5 | 31.39 | 91.83 | 123.22 | OK | |
r-release-macos-arm64 | 1.0.5 | 48.00 | OK | |||
r-release-macos-x86_64 | 1.0.5 | 62.00 | OK | |||
r-release-windows-x86_64 | 1.0.5 | 55.00 | 178.00 | 233.00 | OK | |
r-oldrel-macos-arm64 | 1.0.5 | 46.00 | OK | |||
r-oldrel-macos-x86_64 | 1.0.5 | 65.00 | OK | |||
r-oldrel-windows-ix86+x86_64 | 1.0.5 | 87.00 | 159.00 | 246.00 | OK |
Version: 1.0.5
Check: whether package can be installed
Result: WARN
Found the following significant warnings:
lcopula-init.c:15:50: warning: a function declaration without a prototype is deprecated in all versions of C [-Wstrict-prototypes]
See ‘/home/hornik/tmp/R.check/r-devel-clang/Work/PKGS/lcopula.Rcheck/00install.out’ for details.
* used C compiler: ‘Debian clang version 15.0.6’
* used C++ compiler: ‘Debian clang version 15.0.6’
Flavor: r-devel-linux-x86_64-debian-clang
Version: 1.0.5
Check: whether package can be installed
Result: WARN
Found the following significant warnings:
lcopula-init.c:15:1: warning: function declaration isn’t a prototype [-Wstrict-prototypes]
See ‘/home/hornik/tmp/R.check/r-devel-gcc/Work/PKGS/lcopula.Rcheck/00install.out’ for details.
* used C compiler: ‘gcc-12 (Debian 12.2.0-14) 12.2.0’
* used C++ compiler: ‘g++-12 (Debian 12.2.0-14) 12.2.0’
Flavor: r-devel-linux-x86_64-debian-gcc
Version: 1.0.5
Check: whether package can be installed
Result: WARN
Found the following significant warnings:
lcopula-init.c:15:50: warning: a function declaration without a prototype is deprecated in all versions of C [-Wstrict-prototypes]
See ‘/data/gannet/ripley/R/packages/tests-clang/lcopula.Rcheck/00install.out’ for details.
* used C compiler: ‘clang version 16.0.0’
* used C++ compiler: ‘clang version 16.0.0’
Flavor: r-devel-linux-x86_64-fedora-clang
Version: 1.0.5
Check: whether package can be installed
Result: WARN
Found the following significant warnings:
lcopula-init.c:15:1: warning: function declaration isn’t a prototype [-Wstrict-prototypes]
See ‘/data/gannet/ripley/R/packages/tests-devel/lcopula.Rcheck/00install.out’ for details.
* used C compiler: ‘gcc (GCC) 12.2.1 20221121 (Red Hat 12.2.1-4)’
* used C++ compiler: ‘g++ (GCC) 12.2.1 20221121 (Red Hat 12.2.1-4)’
Flavor: r-devel-linux-x86_64-fedora-gcc