CRAN Package Check Results for Package lda

Last updated on 2021-12-05 11:49:36 CET.

Flavor Version Tinstall Tcheck Ttotal Status Flags
r-devel-linux-x86_64-debian-clang 1.4.2 4.50 50.22 54.72 OK
r-devel-linux-x86_64-debian-gcc 1.4.2 3.86 39.80 43.66 OK
r-devel-linux-x86_64-fedora-clang 1.4.2 68.21 NOTE
r-devel-linux-x86_64-fedora-gcc 1.4.2 56.67 NOTE
r-devel-windows-x86_64-new-UL 1.4.2 14.00 93.00 107.00 OK
r-devel-windows-x86_64-new-TK 1.4.2 OK
r-devel-windows-x86_64-old 1.4.2 8.00 50.00 58.00 OK
r-patched-linux-x86_64 1.4.2 4.94 40.18 45.12 OK
r-release-linux-x86_64 1.4.2 4.60 48.66 53.26 OK
r-release-macos-arm64 1.4.2 OK
r-release-macos-x86_64 1.4.2 OK
r-release-windows-ix86+x86_64 1.4.2 12.00 76.00 88.00 OK
r-oldrel-macos-x86_64 1.4.2 OK
r-oldrel-windows-ix86+x86_64 1.4.2 21.00 75.00 96.00 OK

Check Details

Version: 1.4.2
Check: compiled code
Result: NOTE
    File ‘lda/libs/lda.so’:
     Found no calls to: ‘R_registerRoutines’, ‘R_useDynamicSymbols’
    
    It is good practice to register native routines and to disable symbol
    search.
    
    See ‘Writing portable packages’ in the ‘Writing R Extensions’ manual.
Flavors: r-devel-linux-x86_64-fedora-clang, r-devel-linux-x86_64-fedora-gcc