CRAN Package Check Results for Package ldat

Last updated on 2023-03-28 12:54:44 CEST.

Flavor Version Tinstall Tcheck Ttotal Status Flags
r-devel-linux-x86_64-debian-clang 0.3.3 52.72 37.98 90.70 NOTE
r-devel-linux-x86_64-debian-gcc 0.3.3 36.22 29.94 66.16 NOTE
r-devel-linux-x86_64-fedora-clang 0.3.3 135.55 NOTE
r-devel-linux-x86_64-fedora-gcc 0.3.3 115.90 NOTE
r-patched-linux-x86_64 0.3.3 43.16 37.37 80.53 NOTE
r-release-linux-x86_64 0.3.3 41.23 39.40 80.63 NOTE
r-release-macos-arm64 0.3.3 37.00 NOTE
r-release-macos-x86_64 0.3.3 48.00 NOTE
r-release-windows-x86_64 0.3.3 59.00 108.00 167.00 NOTE
r-oldrel-macos-arm64 0.3.3 46.00 NOTE
r-oldrel-macos-x86_64 0.3.3 72.00 NOTE
r-oldrel-windows-ix86+x86_64 0.3.3 135.00 100.00 235.00 NOTE

Check Details

Version: 0.3.3
Check: C++ specification
Result: NOTE
     Specified C++11: please drop specification unless essential
Flavors: r-devel-linux-x86_64-debian-clang, r-devel-linux-x86_64-debian-gcc, r-devel-linux-x86_64-fedora-clang, r-devel-linux-x86_64-fedora-gcc, r-patched-linux-x86_64

Version: 0.3.3
Check: LazyData
Result: NOTE
     'LazyData' is specified without a 'data' directory
Flavors: r-devel-linux-x86_64-debian-clang, r-devel-linux-x86_64-debian-gcc, r-devel-linux-x86_64-fedora-clang, r-devel-linux-x86_64-fedora-gcc, r-patched-linux-x86_64, r-release-linux-x86_64, r-release-macos-arm64, r-release-macos-x86_64, r-release-windows-x86_64, r-oldrel-macos-arm64, r-oldrel-macos-x86_64, r-oldrel-windows-ix86+x86_64