CRAN Package Check Results for Package leafSTAR

Last updated on 2019-10-18 20:46:20 CEST.

Flavor Version Tinstall Tcheck Ttotal Status Flags
r-devel-linux-x86_64-debian-clang 1.0 2.23 20.93 23.16 OK
r-devel-linux-x86_64-debian-gcc 1.0 2.16 16.75 18.91 OK
r-devel-linux-x86_64-fedora-clang 1.0 30.04 OK
r-devel-linux-x86_64-fedora-gcc 1.0 28.89 OK
r-devel-windows-ix86+x86_64 1.0 10.00 29.00 39.00 OK
r-patched-linux-x86_64 1.0 1.84 20.48 22.32 NOTE
r-patched-solaris-x86 1.0 43.00 OK
r-release-linux-x86_64 1.0 2.02 20.99 23.01 NOTE
r-release-windows-ix86+x86_64 1.0 6.00 41.00 47.00 OK
r-release-osx-x86_64 1.0 OK
r-oldrel-windows-ix86+x86_64 1.0 4.00 30.00 34.00 OK
r-oldrel-osx-x86_64 1.0 OK

Check Details

Version: 1.0
Check: DESCRIPTION meta-information
Result: NOTE
    Dependence on R version ‘3.4.1’ not with patchlevel 0
Flavors: r-patched-linux-x86_64, r-release-linux-x86_64