Last updated on 2023-03-31 20:50:16 CEST.
Flavor | Version | Tinstall | Tcheck | Ttotal | Status | Flags |
---|---|---|---|---|---|---|
r-devel-linux-x86_64-debian-clang | 0.1.2 | 61.71 | 136.89 | 198.60 | OK | |
r-devel-linux-x86_64-debian-gcc | 0.1.2 | 46.26 | 99.08 | 145.34 | OK | |
r-devel-linux-x86_64-fedora-clang | 0.1.2 | 254.03 | OK | |||
r-devel-linux-x86_64-fedora-gcc | 0.1.2 | 250.04 | OK | |||
r-devel-windows-x86_64 | 0.1.2 | 61.00 | 0.00 | 61.00 | NOTE | |
r-patched-linux-x86_64 | 0.1.2 | 59.51 | 125.29 | 184.80 | OK | |
r-release-linux-x86_64 | 0.1.2 | 40.01 | 124.02 | 164.03 | OK | |
r-release-macos-arm64 | 0.1.2 | 52.00 | OK | |||
r-release-macos-x86_64 | 0.1.2 | 84.00 | OK | |||
r-release-windows-x86_64 | 0.1.2 | 84.00 | 182.00 | 266.00 | NOTE | |
r-oldrel-macos-arm64 | 0.1.2 | 56.00 | OK | |||
r-oldrel-macos-x86_64 | 0.1.2 | 92.00 | OK | |||
r-oldrel-windows-ix86+x86_64 | 0.1.2 | 145.00 | 195.00 | 340.00 | NOTE |
Version: 0.1.2
Check: package dependencies
Result: NOTE
Package suggested but not available for checking: 'doMC'
Flavors: r-devel-windows-x86_64, r-release-windows-x86_64, r-oldrel-windows-ix86+x86_64