CRAN Package Check Results for Package leidenAlg

Last updated on 2021-11-29 15:51:16 CET.

Flavor Version Tinstall Tcheck Ttotal Status Flags
r-devel-linux-x86_64-debian-clang 1.0.0 51.64 96.13 147.77 NOTE
r-devel-linux-x86_64-debian-gcc 1.0.0 40.36 73.10 113.46 NOTE
r-devel-windows-x86_64-new-UL 1.0.0 92.00 160.00 252.00 NOTE
r-devel-windows-x86_64-new-TK 1.0.0 NOTE
r-devel-windows-x86_64-old 1.0.0 78.00 96.00 174.00 NOTE
r-patched-linux-x86_64 1.0.0 44.12 90.83 134.95 NOTE
r-release-linux-x86_64 1.0.0 51.30 90.13 141.43 NOTE
r-release-macos-arm64 1.0.0 NOTE
r-release-macos-x86_64 1.0.0 NOTE
r-release-windows-ix86+x86_64 1.0.0 150.00 168.00 318.00 NOTE
r-oldrel-macos-x86_64 1.0.0 NOTE
r-oldrel-windows-ix86+x86_64 1.0.0 103.00 170.00 273.00 NOTE

Check Details

Version: 1.0.0
Check: for GNU extensions in Makefiles
Result: NOTE
    GNU make is a SystemRequirements.
Flavors: r-devel-linux-x86_64-debian-clang, r-devel-linux-x86_64-debian-gcc, r-devel-windows-x86_64-new-UL, r-devel-windows-x86_64-new-TK, r-devel-windows-x86_64-old, r-patched-linux-x86_64, r-release-linux-x86_64, r-release-macos-arm64, r-release-macos-x86_64, r-release-windows-ix86+x86_64, r-oldrel-macos-x86_64, r-oldrel-windows-ix86+x86_64