Last updated on 2023-03-29 16:50:18 CEST.
Flavor | Version | Tinstall | Tcheck | Ttotal | Status | Flags |
---|---|---|---|---|---|---|
r-devel-linux-x86_64-debian-clang | 1.0.5 | 230.73 | 103.51 | 334.24 | NOTE | |
r-devel-linux-x86_64-debian-gcc | 1.0.5 | 194.17 | 78.45 | 272.62 | NOTE | |
r-devel-windows-x86_64 | 1.0.5 | 828.00 | 0.00 | 828.00 | NOTE | |
r-patched-linux-x86_64 | 1.0.5 | 184.68 | 98.62 | 283.30 | NOTE | |
r-release-linux-x86_64 | 1.0.5 | 139.54 | 101.89 | 241.43 | NOTE | |
r-release-macos-arm64 | 1.0.5 | 125.00 | NOTE | |||
r-release-macos-x86_64 | 1.0.5 | 165.00 | NOTE | |||
r-release-windows-x86_64 | 1.0.5 | 835.00 | 167.00 | 1002.00 | NOTE | |
r-oldrel-macos-arm64 | 1.0.5 | 127.00 | NOTE | |||
r-oldrel-macos-x86_64 | 1.0.5 | 165.00 | NOTE | |||
r-oldrel-windows-ix86+x86_64 | 1.0.5 | 685.00 | 188.00 | 873.00 | NOTE |
Version: 1.0.5
Check: C++ specification
Result: NOTE
Specified C++11: please drop specification unless essential
Flavors: r-devel-linux-x86_64-debian-clang, r-devel-linux-x86_64-debian-gcc, r-devel-windows-x86_64, r-patched-linux-x86_64
Version: 1.0.5
Check: for GNU extensions in Makefiles
Result: NOTE
GNU make is a SystemRequirements.
Flavors: r-devel-linux-x86_64-debian-clang, r-devel-linux-x86_64-debian-gcc, r-devel-windows-x86_64, r-patched-linux-x86_64, r-release-linux-x86_64, r-release-macos-arm64, r-release-macos-x86_64, r-release-windows-x86_64, r-oldrel-macos-arm64, r-oldrel-macos-x86_64, r-oldrel-windows-ix86+x86_64