CRAN Package Check Results for Package lessR

Last updated on 2021-10-22 00:50:30 CEST.

Flavor Version Tinstall Tcheck Ttotal Status Flags
r-devel-linux-x86_64-debian-clang 4.0.5 38.43 241.87 280.30 OK
r-devel-linux-x86_64-debian-gcc 4.0.5 30.89 182.20 213.09 OK
r-devel-linux-x86_64-fedora-clang 4.0.5 351.48 NOTE
r-devel-linux-x86_64-fedora-gcc 4.0.5 335.10 OK
r-devel-windows-x86_64 4.0.5 61.00 297.00 358.00 NOTE
r-devel-windows-x86_64-gcc10-UCRT 4.0.5 OK
r-patched-linux-x86_64 4.0.5 39.06 251.46 290.52 OK
r-patched-solaris-x86 4.0.5 344.70 NOTE
r-release-linux-x86_64 4.0.5 33.84 251.40 285.24 OK
r-release-macos-arm64 4.0.5 NOTE
r-release-macos-x86_64 4.0.5 NOTE
r-release-windows-ix86+x86_64 4.0.5 43.00 302.00 345.00 NOTE
r-oldrel-macos-x86_64 4.0.5 NOTE
r-oldrel-windows-ix86+x86_64 4.0.5 41.00 228.00 269.00 NOTE

Check Details

Version: 4.0.5
Check: installed package size
Result: NOTE
     installed size is 7.8Mb
     sub-directories of 1Mb or more:
     R 1.2Mb
     doc 5.4Mb
Flavors: r-devel-linux-x86_64-fedora-clang, r-devel-windows-x86_64, r-patched-solaris-x86, r-release-macos-arm64, r-release-macos-x86_64, r-release-windows-ix86+x86_64, r-oldrel-macos-x86_64, r-oldrel-windows-ix86+x86_64