CRAN Package Check Results for Package lgpr

Last updated on 2022-01-17 07:49:37 CET.

Flavor Version Tinstall Tcheck Ttotal Status Flags
r-devel-linux-x86_64-debian-clang 1.1.5 466.29 211.17 677.46 NOTE
r-devel-linux-x86_64-debian-gcc 1.1.5 365.92 182.22 548.14 NOTE
r-devel-linux-x86_64-fedora-clang 1.1.5 951.73 NOTE
r-devel-linux-x86_64-fedora-gcc 1.1.5 975.71 NOTE
r-devel-windows-x86_64-new-UL 1.1.5 140.00 8.00 148.00 ERROR
r-devel-windows-x86_64-new-TK 1.1.5 NOTE
r-patched-linux-x86_64 1.1.5 343.00 231.88 574.88 NOTE
r-release-linux-x86_64 1.1.5 NOTE
r-release-macos-arm64 1.1.5 NOTE
r-release-macos-x86_64 1.1.5 NOTE
r-release-windows-ix86+x86_64 1.1.5 966.00 467.00 1433.00 NOTE
r-oldrel-macos-x86_64 1.1.5 NOTE
r-oldrel-windows-ix86+x86_64 1.1.5 957.00 465.00 1422.00 NOTE

Check Details

Version: 1.1.5
Check: for GNU extensions in Makefiles
Result: NOTE
    GNU make is a SystemRequirements.
Flavors: r-devel-linux-x86_64-debian-clang, r-devel-linux-x86_64-debian-gcc, r-devel-linux-x86_64-fedora-clang, r-devel-linux-x86_64-fedora-gcc, r-devel-windows-x86_64-new-TK, r-patched-linux-x86_64, r-release-linux-x86_64, r-release-macos-arm64, r-release-macos-x86_64, r-release-windows-ix86+x86_64, r-oldrel-macos-x86_64, r-oldrel-windows-ix86+x86_64

Version: 1.1.5
Check: installed package size
Result: NOTE
     installed size is 65.0Mb
     sub-directories of 1Mb or more:
     libs 63.8Mb
Flavors: r-devel-linux-x86_64-fedora-clang, r-release-macos-arm64, r-release-macos-x86_64, r-release-windows-ix86+x86_64, r-oldrel-macos-x86_64, r-oldrel-windows-ix86+x86_64

Version: 1.1.5
Check: whether package can be installed
Result: ERROR
    Installation failed.
Flavor: r-devel-windows-x86_64-new-UL