CRAN Package Check Results for Package liger

Last updated on 2024-03-01 11:53:46 CET.

Flavor Version Tinstall Tcheck Ttotal Status Flags
r-devel-linux-x86_64-debian-clang 2.0.1 36.90 149.67 186.57 OK
r-devel-linux-x86_64-debian-gcc 2.0.1 29.94 98.32 128.26 OK
r-devel-linux-x86_64-fedora-clang 2.0.1 244.19 NOTE
r-devel-linux-x86_64-fedora-gcc 2.0.1 235.55 OK
r-devel-windows-x86_64 2.0.1 31.00 136.00 167.00 NOTE
r-patched-linux-x86_64 2.0.1 33.49 133.74 167.23 OK
r-release-linux-x86_64 2.0.1 38.00 133.14 171.14 OK
r-release-macos-arm64 2.0.1 81.00 NOTE
r-release-macos-x86_64 2.0.1 139.00 NOTE
r-release-windows-x86_64 2.0.1 29.00 166.00 195.00 NOTE
r-oldrel-macos-arm64 2.0.1 70.00 NOTE
r-oldrel-windows-x86_64 2.0.1 39.00 164.00 203.00 NOTE

Check Details

Version: 2.0.1
Check: installed package size
Result: NOTE installed size is 5.7Mb sub-directories of 1Mb or more: data 3.3Mb doc 2.1Mb Flavors: r-devel-linux-x86_64-fedora-clang, r-devel-windows-x86_64, r-release-macos-arm64, r-release-macos-x86_64, r-release-windows-x86_64, r-oldrel-macos-arm64, r-oldrel-windows-x86_64