Last updated on 2023-09-21 16:57:54 CEST.
Flavor | Version | Tinstall | Tcheck | Ttotal | Status | Flags |
---|---|---|---|---|---|---|
r-devel-linux-x86_64-debian-clang | 0.1.2 | 6.85 | 93.69 | 100.54 | OK | |
r-devel-linux-x86_64-debian-gcc | 0.1.2 | 4.73 | 70.04 | 74.77 | OK | |
r-devel-linux-x86_64-fedora-clang | 0.1.2 | 122.15 | NOTE | |||
r-devel-linux-x86_64-fedora-gcc | 0.1.2 | 133.81 | OK | |||
r-devel-windows-x86_64 | 0.1.2 | 8.00 | 98.00 | 106.00 | OK | |
r-patched-linux-x86_64 | 0.1.2 | 10.94 | 94.28 | 105.22 | OK | |
r-release-linux-x86_64 | 0.1.2 | 4.64 | 93.49 | 98.13 | OK | |
r-release-macos-arm64 | 0.1.2 | 57.00 | OK | |||
r-release-macos-x86_64 | 0.1.2 | 78.00 | OK | |||
r-release-windows-x86_64 | 0.1.2 | 10.00 | 111.00 | 121.00 | OK | |
r-oldrel-macos-arm64 | 0.1.2 | 43.00 | OK | |||
r-oldrel-macos-x86_64 | 0.1.2 | 75.00 | OK | |||
r-oldrel-windows-x86_64 | 0.1.2 | 10.00 | 119.00 | 129.00 | OK |
Version: 0.1.2
Check: Rd cross-references
Result: NOTE
Undeclared package ‘tidyselect’ in Rd xrefs
Flavor: r-devel-linux-x86_64-fedora-clang