Last updated on 2023-03-27 20:52:18 CEST.
Flavor | Version | Tinstall | Tcheck | Ttotal | Status | Flags |
---|---|---|---|---|---|---|
r-devel-linux-x86_64-debian-clang | 0.1 | 37.92 | 28.28 | 66.20 | NOTE | |
r-devel-linux-x86_64-debian-gcc | 0.1 | 28.32 | 22.38 | 50.70 | NOTE | |
r-devel-linux-x86_64-fedora-clang | 0.1 | 94.14 | NOTE | |||
r-devel-linux-x86_64-fedora-gcc | 0.1 | 84.61 | NOTE | |||
r-patched-linux-x86_64 | 0.1 | 31.80 | 27.82 | 59.62 | NOTE | |
r-release-linux-x86_64 | 0.1 | 28.58 | 29.04 | 57.62 | OK | |
r-release-macos-arm64 | 0.1 | 32.00 | OK | |||
r-release-macos-x86_64 | 0.1 | 34.00 | OK | |||
r-release-windows-x86_64 | 0.1 | 48.00 | 81.00 | 129.00 | OK | |
r-oldrel-macos-arm64 | 0.1 | 27.00 | OK | |||
r-oldrel-macos-x86_64 | 0.1 | 40.00 | OK | |||
r-oldrel-windows-ix86+x86_64 | 0.1 | 93.00 | 78.00 | 171.00 | OK |
Version: 0.1
Check: C++ specification
Result: NOTE
Specified C++11: please drop specification unless essential
Flavors: r-devel-linux-x86_64-debian-clang, r-devel-linux-x86_64-debian-gcc, r-devel-linux-x86_64-fedora-clang, r-devel-linux-x86_64-fedora-gcc, r-patched-linux-x86_64