CRAN Package Check Results for Package lingmatch

Last updated on 2022-01-22 11:51:03 CET.

Flavor Version Tinstall Tcheck Ttotal Status Flags
r-devel-linux-x86_64-debian-clang 1.0.2 42.86 102.36 145.22 ERROR
r-devel-linux-x86_64-debian-gcc 1.0.2 34.07 79.31 113.38 ERROR
r-devel-linux-x86_64-fedora-clang 1.0.2 189.32 OK
r-devel-linux-x86_64-fedora-gcc 1.0.2 189.20 ERROR
r-devel-windows-x86_64-new-UL 1.0.2 72.00 151.00 223.00 ERROR
r-devel-windows-x86_64-new-TK 1.0.2 OK
r-patched-linux-x86_64 1.0.2 41.20 102.84 144.04 OK
r-release-linux-x86_64 1.0.2 40.13 99.66 139.79 OK
r-release-macos-arm64 1.0.2 OK
r-release-macos-x86_64 1.0.2 OK
r-release-windows-ix86+x86_64 1.0.2 99.00 173.00 272.00 OK
r-oldrel-macos-x86_64 1.0.2 OK
r-oldrel-windows-ix86+x86_64 1.0.2 99.00 174.00 273.00 OK

Check Details

Version: 1.0.2
Check: tests
Result: ERROR
     Running 'testthat.R' [12s/14s]
    Running the tests in 'tests/testthat.R' failed.
    Complete output:
     > library(testthat)
     > library(lingmatch)
     Loading required package: Matrix
     >
     > test_check("lingmatch")
     == Skipped tests ===============================================================
     * embeddings files not downloaded (1)
     * not downloading dictionary or embeddings files (1)
     * raw embeddings test files not present in /home/hornik/Latent Semantic Spaces/ from /home/hornik/tmp/R.check/r-devel-clang/Work/PKGS/lingmatch.Rcheck/tests/testthat (1)
     * term map not present (1)
     * texts.txt not found in /home/hornik/tmp/R.check/r-devel-clang/Work/PKGS (1)
    
     == Failed tests ================================================================
     -- Error (test-lma_simets.R:55:3): text inputs and differing a-b columns works --
     Error in `sample.int(length(x), size, replace, prob)`: invalid 'size' argument
     Backtrace:
     x
     1. \-base::vapply(...) test-lma_simets.R:55:2
     2. \-lingmatch:::FUN(X[[i]], ...)
     3. +-base::paste(sample(letters, sample(7), TRUE), collapse = "") test-lma_simets.R:55:23
     4. \-base::sample(letters, sample(7), TRUE)
     5. \-base::sample.int(length(x), size, replace, prob)
    
     [ FAIL 1 | WARN 0 | SKIP 5 | PASS 341 ]
     Error: Test failures
     Execution halted
Flavor: r-devel-linux-x86_64-debian-clang

Version: 1.0.2
Check: tests
Result: ERROR
     Running ‘testthat.R’ [9s/14s]
    Running the tests in ‘tests/testthat.R’ failed.
    Complete output:
     > library(testthat)
     > library(lingmatch)
     Loading required package: Matrix
     >
     > test_check("lingmatch")
     [ FAIL 1 | WARN 0 | SKIP 5 | PASS 341 ]
    
     ══ Skipped tests ═══════════════════════════════════════════════════════════════
     • embeddings files not downloaded (1)
     • not downloading dictionary or embeddings files (1)
     • raw embeddings test files not present in /home/hornik/Latent Semantic Spaces/ from /home/hornik/tmp/R.check/r-devel-gcc/Work/PKGS/lingmatch.Rcheck/tests/testthat (1)
     • term map not present (1)
     • texts.txt not found in /home/hornik/tmp/R.check/r-devel-gcc/Work/PKGS (1)
    
     ══ Failed tests ════════════════════════════════════════════════════════════════
     ── Error (test-lma_simets.R:55:3): text inputs and differing a-b columns works ──
     Error in `sample.int(length(x), size, replace, prob)`: invalid 'size' argument
     Backtrace:
     █
     1. └─base::vapply(...) test-lma_simets.R:55:2
     2. └─lingmatch:::FUN(X[[i]], ...)
     3. ├─base::paste(sample(letters, sample(7), TRUE), collapse = "") test-lma_simets.R:55:23
     4. └─base::sample(letters, sample(7), TRUE)
     5. └─base::sample.int(length(x), size, replace, prob)
    
     [ FAIL 1 | WARN 0 | SKIP 5 | PASS 341 ]
     Error: Test failures
     Execution halted
Flavor: r-devel-linux-x86_64-debian-gcc

Version: 1.0.2
Check: tests
Result: ERROR
     Running ‘testthat.R’ [15s/28s]
    Running the tests in ‘tests/testthat.R’ failed.
    Complete output:
     > library(testthat)
     > library(lingmatch)
     Loading required package: Matrix
     >
     > test_check("lingmatch")
     [ FAIL 1 | WARN 0 | SKIP 5 | PASS 341 ]
    
     ══ Skipped tests ═══════════════════════════════════════════════════════════════
     • embeddings files not downloaded (1)
     • not downloading dictionary or embeddings files (1)
     • raw embeddings test files not present in /data/gannet/ripley/Latent Semantic Spaces/ from /data/gannet/ripley/R/packages/tests-devel/lingmatch.Rcheck/tests/testthat (1)
     • term map not present (1)
     • texts.txt not found in /data/gannet/ripley/R/packages/tests-devel (1)
    
     ══ Failed tests ════════════════════════════════════════════════════════════════
     ── Error (test-lma_simets.R:55:3): text inputs and differing a-b columns works ──
     Error in `sample.int(length(x), size, replace, prob)`: invalid 'size' argument
     Backtrace:
     █
     1. └─base::vapply(...) test-lma_simets.R:55:2
     2. └─lingmatch:::FUN(X[[i]], ...)
     3. ├─base::paste(sample(letters, sample(7), TRUE), collapse = "") test-lma_simets.R:55:23
     4. └─base::sample(letters, sample(7), TRUE)
     5. └─base::sample.int(length(x), size, replace, prob)
    
     [ FAIL 1 | WARN 0 | SKIP 5 | PASS 341 ]
     Error: Test failures
     Execution halted
Flavor: r-devel-linux-x86_64-fedora-gcc

Version: 1.0.2
Check: tests
Result: ERROR
     Running 'testthat.R' [13s]
    Running the tests in 'tests/testthat.R' failed.
    Complete output:
     > library(testthat)
     > library(lingmatch)
     Loading required package: Matrix
     >
     > test_check("lingmatch")
     ══ Skipped tests ═══════════════════════════════════════════════════════════════
     • embeddings files not downloaded (1)
     • not downloading dictionary or embeddings files (1)
     • raw embeddings test files not present in C:\Users\CRAN\Documents/Latent Semantic Spaces/ from d:/Rcompile/CRANpkg/local/4.2/lingmatch.Rcheck/tests/testthat (1)
     • term map not present (1)
     • texts.txt not found in D:\RCompile\CRANpkg\local\4.2 (1)
     • unable to read package files (1)
    
     ══ Failed tests ════════════════════════════════════════════════════════════════
     ── Error (test-lma_simets.R:55:3): text inputs and differing a-b columns works ──
     Error in `sample.int(length(x), size, replace, prob)`: invalid 'size' argument
     Backtrace:
     █
     1. └─base::vapply(...) test-lma_simets.R:55:2
     2. └─lingmatch:::FUN(X[[i]], ...)
     3. ├─base::paste(sample(letters, sample(7), TRUE), collapse = "") test-lma_simets.R:55:23
     4. └─base::sample(letters, sample(7), TRUE)
     5. └─base::sample.int(length(x), size, replace, prob)
    
     [ FAIL 1 | WARN 1 | SKIP 6 | PASS 324 ]
     Error: Test failures
     Execution halted
Flavor: r-devel-windows-x86_64-new-UL