CRAN Package Check Results for Package linguisticsdown

Last updated on 2023-09-27 01:05:32 CEST.

Flavor Version Tinstall Tcheck Ttotal Status Flags
r-devel-linux-x86_64-debian-clang 1.2.0 3.31 41.79 45.10 NOTE
r-devel-linux-x86_64-debian-gcc 1.2.0 4.26 33.26 37.52 NOTE
r-devel-linux-x86_64-fedora-clang 1.2.0 58.17 NOTE
r-devel-linux-x86_64-fedora-gcc 1.2.0 57.61 NOTE
r-devel-windows-x86_64 1.2.0 7.00 53.00 60.00 NOTE
r-patched-linux-x86_64 1.2.0 3.37 40.91 44.28 NOTE
r-release-linux-x86_64 1.2.0 3.43 40.60 44.03 NOTE
r-release-macos-arm64 1.2.0 24.00 NOTE
r-release-macos-x86_64 1.2.0 32.00 NOTE
r-release-windows-x86_64 1.2.0 7.00 60.00 67.00 NOTE
r-oldrel-macos-arm64 1.2.0 19.00 NOTE
r-oldrel-macos-x86_64 1.2.0 40.00 NOTE
r-oldrel-windows-x86_64 1.2.0 9.00 64.00 73.00 NOTE

Check Details

Version: 1.2.0
Check: LazyData
Result: NOTE
     'LazyData' is specified without a 'data' directory
Flavors: r-devel-linux-x86_64-debian-clang, r-devel-linux-x86_64-debian-gcc, r-devel-linux-x86_64-fedora-clang, r-devel-linux-x86_64-fedora-gcc, r-devel-windows-x86_64, r-patched-linux-x86_64, r-release-linux-x86_64, r-release-macos-arm64, r-release-macos-x86_64, r-release-windows-x86_64, r-oldrel-macos-arm64, r-oldrel-macos-x86_64, r-oldrel-windows-x86_64