CRAN Package Check Results for Package liteq

Last updated on 2024-02-24 07:51:27 CET.

Flavor Version Tinstall Tcheck Ttotal Status Flags
r-devel-linux-x86_64-debian-clang 1.1.0 5.28 43.84 49.12 NOTE
r-devel-linux-x86_64-debian-gcc 1.1.0 4.01 34.23 38.24 NOTE
r-devel-linux-x86_64-fedora-clang 1.1.0 63.28 NOTE
r-devel-linux-x86_64-fedora-gcc 1.1.0 61.70 NOTE
r-devel-windows-x86_64 1.1.0 5.00 56.00 61.00 NOTE
r-patched-linux-x86_64 1.1.0 6.30 43.70 50.00 NOTE
r-release-linux-x86_64 1.1.0 4.46 44.08 48.54 NOTE
r-release-macos-arm64 1.1.0 23.00 NOTE
r-release-macos-x86_64 1.1.0 30.00 NOTE
r-release-windows-x86_64 1.1.0 6.00 62.00 68.00 NOTE
r-oldrel-macos-arm64 1.1.0 23.00 NOTE
r-oldrel-windows-x86_64 1.1.0 7.00 68.00 75.00 NOTE

Check Details

Version: 1.1.0
Check: LazyData
Result: NOTE 'LazyData' is specified without a 'data' directory Flavors: r-devel-linux-x86_64-debian-clang, r-devel-linux-x86_64-debian-gcc, r-devel-linux-x86_64-fedora-clang, r-devel-linux-x86_64-fedora-gcc, r-devel-windows-x86_64, r-patched-linux-x86_64, r-release-linux-x86_64, r-release-macos-arm64, r-release-macos-x86_64, r-release-windows-x86_64, r-oldrel-macos-arm64, r-oldrel-windows-x86_64