CRAN Package Check Results for Package lmds

Last updated on 2023-09-25 05:01:28 CEST.

Flavor Version Tinstall Tcheck Ttotal Status Flags
r-devel-linux-x86_64-debian-clang 0.1.0 10.30 98.39 108.69 NOTE
r-devel-linux-x86_64-debian-gcc 0.1.0 8.97 74.07 83.04 NOTE
r-devel-linux-x86_64-fedora-clang 0.1.0 136.78 NOTE
r-devel-linux-x86_64-fedora-gcc 0.1.0 132.71 NOTE
r-devel-windows-x86_64 0.1.0 10.00 87.00 97.00 NOTE
r-patched-linux-x86_64 0.1.0 9.33 95.49 104.82 NOTE
r-release-linux-x86_64 0.1.0 10.25 97.03 107.28 NOTE
r-release-macos-arm64 0.1.0 41.00 NOTE
r-release-macos-x86_64 0.1.0 73.00 NOTE
r-release-windows-x86_64 0.1.0 14.00 103.00 117.00 NOTE
r-oldrel-macos-arm64 0.1.0 41.00 NOTE
r-oldrel-macos-x86_64 0.1.0 75.00 NOTE
r-oldrel-windows-x86_64 0.1.0 13.00 102.00 115.00 NOTE

Check Details

Version: 0.1.0
Check: LazyData
Result: NOTE
     'LazyData' is specified without a 'data' directory
Flavors: r-devel-linux-x86_64-debian-clang, r-devel-linux-x86_64-debian-gcc, r-devel-linux-x86_64-fedora-clang, r-devel-linux-x86_64-fedora-gcc, r-devel-windows-x86_64, r-patched-linux-x86_64, r-release-linux-x86_64, r-release-macos-arm64, r-release-macos-x86_64, r-release-windows-x86_64, r-oldrel-macos-arm64, r-oldrel-macos-x86_64, r-oldrel-windows-x86_64

Version: 0.1.0
Check: dependencies in R code
Result: NOTE
    Namespace in Imports field not imported from: ‘Matrix’
     All declared Imports should be used.
Flavors: r-devel-linux-x86_64-fedora-clang, r-devel-linux-x86_64-fedora-gcc, r-oldrel-macos-arm64, r-oldrel-macos-x86_64