CRAN Package Check Results for Package lme4

Last updated on 2021-09-25 20:50:32 CEST.

Flavor Version Tinstall Tcheck Ttotal Status Flags
r-devel-linux-x86_64-debian-clang 1.1-27.1 110.90 537.90 648.80 OK
r-devel-linux-x86_64-debian-gcc 1.1-27.1 81.23 393.56 474.79 OK
r-devel-linux-x86_64-fedora-clang 1.1-27.1 784.99 NOTE
r-devel-linux-x86_64-fedora-gcc 1.1-27.1 773.43 OK
r-devel-windows-x86_64 1.1-27.1 96.00 364.00 460.00 NOTE
r-devel-windows-x86_64-gcc10-UCRT 1.1-27.1 OK
r-patched-linux-x86_64 1.1-27.1 94.92 514.57 609.49 OK
r-patched-solaris-x86 1.1-27.1 947.20 NOTE
r-release-linux-x86_64 1.1-27.1 90.74 516.65 607.39 OK
r-release-macos-arm64 1.1-27.1 NOTE
r-release-macos-x86_64 1.1-27.1 NOTE
r-release-windows-ix86+x86_64 1.1-27.1 232.00 536.00 768.00 NOTE
r-oldrel-macos-x86_64 1.1-27.1 NOTE
r-oldrel-windows-ix86+x86_64 1.1-27.1 170.00 519.00 689.00 NOTE

Check Details

Version: 1.1-27.1
Check: installed package size
Result: NOTE
     installed size is 24.9Mb
     sub-directories of 1Mb or more:
     R 1.5Mb
     doc 2.0Mb
     libs 19.3Mb
     testdata 1.3Mb
Flavors: r-devel-linux-x86_64-fedora-clang, r-devel-windows-x86_64, r-patched-solaris-x86, r-release-macos-arm64, r-release-macos-x86_64, r-release-windows-ix86+x86_64, r-oldrel-macos-x86_64, r-oldrel-windows-ix86+x86_64