CRAN Package Check Results for Package lmmpar

Last updated on 2023-05-28 20:57:49 CEST.

Flavor Version Tinstall Tcheck Ttotal Status Flags
r-devel-linux-x86_64-debian-clang 0.1.0 1.33 32.82 34.15 NOTE
r-devel-linux-x86_64-debian-gcc 0.1.0 1.49 25.36 26.85 NOTE
r-devel-linux-x86_64-fedora-clang 0.1.0 43.19 NOTE
r-devel-linux-x86_64-fedora-gcc 0.1.0 41.43 NOTE
r-devel-windows-x86_64 0.1.0 3.00 53.00 56.00 NOTE
r-patched-linux-x86_64 0.1.0 2.08 31.21 33.29 NOTE
r-release-linux-x86_64 0.1.0 1.76 31.14 32.90 NOTE
r-release-macos-arm64 0.1.0 20.00 NOTE
r-release-macos-x86_64 0.1.0 26.00 NOTE
r-release-windows-x86_64 0.1.0 4.00 51.00 55.00 NOTE
r-oldrel-macos-arm64 0.1.0 19.00 NOTE
r-oldrel-macos-x86_64 0.1.0 24.00 NOTE
r-oldrel-windows-x86_64 0.1.0 4.00 55.00 59.00 NOTE

Check Details

Version: 0.1.0
Check: LazyData
Result: NOTE
     'LazyData' is specified without a 'data' directory
Flavors: r-devel-linux-x86_64-debian-clang, r-devel-linux-x86_64-debian-gcc, r-devel-linux-x86_64-fedora-clang, r-devel-linux-x86_64-fedora-gcc, r-devel-windows-x86_64, r-patched-linux-x86_64, r-release-linux-x86_64, r-release-macos-arm64, r-release-macos-x86_64, r-release-windows-x86_64, r-oldrel-macos-arm64, r-oldrel-macos-x86_64, r-oldrel-windows-x86_64

Version: 0.1.0
Check: dependencies in R code
Result: NOTE
    Namespace in Imports field not imported from: ‘mnormt’
     All declared Imports should be used.
Flavors: r-devel-linux-x86_64-fedora-clang, r-devel-linux-x86_64-fedora-gcc, r-oldrel-macos-arm64, r-oldrel-macos-x86_64