Last updated on 2023-06-09 08:56:13 CEST.
Flavor | Version | Tinstall | Tcheck | Ttotal | Status | Flags |
---|---|---|---|---|---|---|
r-devel-linux-x86_64-debian-clang | 1.3.1 | 5.14 | 149.60 | 154.74 | OK | |
r-devel-linux-x86_64-debian-gcc | 1.3.1 | 3.85 | 112.19 | 116.04 | OK | |
r-devel-linux-x86_64-fedora-clang | 1.3.1 | 186.62 | OK | |||
r-devel-linux-x86_64-fedora-gcc | 1.3.1 | 182.00 | OK | |||
r-devel-windows-x86_64 | 1.3.1 | 6.00 | 161.00 | 167.00 | OK | |
r-patched-linux-x86_64 | 1.3.1 | 6.02 | 142.62 | 148.64 | OK | |
r-release-linux-x86_64 | 1.3.1 | 5.40 | 146.28 | 151.68 | OK | |
r-release-macos-arm64 | 1.3.1 | 69.00 | OK | |||
r-release-macos-x86_64 | 1.3.1 | 129.00 | NOTE | |||
r-release-windows-x86_64 | 1.3.1 | 8.00 | 172.00 | 180.00 | OK | |
r-oldrel-macos-arm64 | 1.3.1 | 68.00 | OK | |||
r-oldrel-macos-x86_64 | 1.3.1 | 88.00 | OK | |||
r-oldrel-windows-x86_64 | 1.3.1 | 8.00 | 175.00 | 183.00 | OK |
Version: 1.3.1
Check: package dependencies
Result: NOTE
Package suggested but not available for checking: ‘twang’
Flavor: r-release-macos-x86_64