CRAN Package Check Results for Package lmtp

Last updated on 2021-11-27 11:52:48 CET.

Flavor Version Tinstall Tcheck Ttotal Status Flags
r-devel-linux-x86_64-debian-clang 1.0.0 OK
r-devel-linux-x86_64-debian-gcc 1.0.0 4.50 115.74 120.24 OK
r-devel-linux-x86_64-fedora-clang 1.0.0 202.96 NOTE
r-devel-linux-x86_64-fedora-gcc 1.0.0 196.49 NOTE
r-devel-windows-x86_64-new-UL 1.0.0 13.00 217.00 230.00 OK
r-devel-windows-x86_64-new-TK 1.0.0 NOTE
r-devel-windows-x86_64-old 1.0.0 8.00 212.00 220.00 OK
r-patched-linux-x86_64 1.0.0 5.13 150.34 155.47 OK
r-patched-solaris-x86 1.0.0 373.90 NOTE
r-release-linux-x86_64 1.0.0 OK
r-release-macos-arm64 1.0.0 NOTE
r-release-macos-x86_64 1.0.0 NOTE
r-release-windows-ix86+x86_64 1.0.0 11.00 156.00 167.00 OK
r-oldrel-macos-x86_64 1.0.0 NOTE
r-oldrel-windows-ix86+x86_64 1.0.0 9.00 195.00 204.00 OK

Check Details

Version: 1.0.0
Check: dependencies in R code
Result: NOTE
    Namespaces in Imports field not imported from:
     ‘R6’ ‘nnls’ ‘utils’
     All declared Imports should be used.
Flavors: r-devel-linux-x86_64-fedora-clang, r-devel-linux-x86_64-fedora-gcc, r-devel-windows-x86_64-new-TK, r-patched-solaris-x86, r-release-macos-arm64, r-release-macos-x86_64, r-oldrel-macos-x86_64