CRAN Package Check Results for Package loadings

Last updated on 2023-12-07 15:48:22 CET.

Flavor Version Tinstall Tcheck Ttotal Status Flags
r-devel-linux-x86_64-debian-clang 0.4.1 3.49 44.42 47.91 OK
r-devel-linux-x86_64-debian-gcc 0.4.1 2.52 34.72 37.24 OK
r-devel-linux-x86_64-fedora-clang 0.4.1 56.91 NOTE
r-devel-linux-x86_64-fedora-gcc 0.4.1 58.09 NOTE
r-devel-windows-x86_64 0.4.1 4.00 58.00 62.00 OK
r-patched-linux-x86_64 0.4.1 3.04 44.22 47.26 OK
r-release-linux-x86_64 0.4.1 2.76 44.56 47.32 OK
r-release-macos-arm64 0.4.1 27.00 OK
r-release-macos-x86_64 0.4.1 72.00 OK
r-release-windows-x86_64 0.4.1 4.00 61.00 65.00 OK
r-oldrel-macos-arm64 0.4.1 28.00 OK
r-oldrel-macos-x86_64 0.4.1 39.00 OK
r-oldrel-windows-x86_64 0.4.1 6.00 66.00 72.00 OK

Check Details

Version: 0.4.1
Check: data for non-ASCII characters
Result: NOTE Note: found 1 marked UTF-8 string Flavors: r-devel-linux-x86_64-fedora-clang, r-devel-linux-x86_64-fedora-gcc