CRAN Package Check Results for Package localgauss

Last updated on 2021-12-01 03:55:32 CET.

Flavor Version Tinstall Tcheck Ttotal Status Flags
r-devel-linux-x86_64-debian-clang 0.41 7.42 50.11 57.53 OK
r-devel-linux-x86_64-debian-gcc 0.41 5.52 41.41 46.93 OK
r-devel-linux-x86_64-fedora-clang 0.41 79.33 NOTE
r-devel-linux-x86_64-fedora-gcc 0.41 67.17 NOTE
r-devel-windows-x86_64-new-UL 0.41 19.00 93.00 112.00 OK
r-devel-windows-x86_64-new-TK 0.41 OK
r-devel-windows-x86_64-old 0.41 14.00 61.00 75.00 OK
r-patched-linux-x86_64 0.41 6.97 46.53 53.50 OK
r-patched-solaris-x86 0.41 103.00 OK
r-release-linux-x86_64 0.41 7.26 46.48 53.74 OK
r-release-macos-arm64 0.41 OK
r-release-macos-x86_64 0.41 OK
r-release-windows-ix86+x86_64 0.41 22.00 79.00 101.00 OK
r-oldrel-macos-x86_64 0.41 OK
r-oldrel-windows-ix86+x86_64 0.41 18.00 76.00 94.00 OK

Check Details

Version: 0.41
Check: compiled code
Result: NOTE
    File ‘localgauss/libs/localgauss.so’:
     Found no calls to: ‘R_registerRoutines’, ‘R_useDynamicSymbols’
    
    It is good practice to register native routines and to disable symbol
    search.
    
    See ‘Writing portable packages’ in the ‘Writing R Extensions’ manual.
Flavors: r-devel-linux-x86_64-fedora-clang, r-devel-linux-x86_64-fedora-gcc