Last updated on 2023-03-27 20:52:19 CEST.
Flavor | Version | Tinstall | Tcheck | Ttotal | Status | Flags |
---|---|---|---|---|---|---|
r-devel-linux-x86_64-debian-clang | 1.0 | 38.62 | 83.76 | 122.38 | NOTE | |
r-devel-linux-x86_64-debian-gcc | 1.0 | 30.18 | 64.52 | 94.70 | NOTE | |
r-devel-linux-x86_64-fedora-clang | 1.0 | 165.66 | NOTE | |||
r-devel-linux-x86_64-fedora-gcc | 1.0 | 158.61 | NOTE | |||
r-patched-linux-x86_64 | 1.0 | 28.07 | 81.49 | 109.56 | NOTE | |
r-release-linux-x86_64 | 1.0 | 32.92 | 82.65 | 115.57 | OK | |
r-release-macos-arm64 | 1.0 | 38.00 | OK | |||
r-release-macos-x86_64 | 1.0 | 53.00 | OK | |||
r-release-windows-x86_64 | 1.0 | 40.00 | 123.00 | 163.00 | OK | |
r-oldrel-macos-arm64 | 1.0 | 54.00 | OK | |||
r-oldrel-macos-x86_64 | 1.0 | 68.00 | OK | |||
r-oldrel-windows-ix86+x86_64 | 1.0 | 91.00 | 195.00 | 286.00 | OK |
Version: 1.0
Check: C++ specification
Result: NOTE
Specified C++11: please drop specification unless essential
Flavors: r-devel-linux-x86_64-debian-clang, r-devel-linux-x86_64-debian-gcc, r-devel-linux-x86_64-fedora-clang, r-devel-linux-x86_64-fedora-gcc, r-patched-linux-x86_64