Last updated on 2023-09-26 17:09:21 CEST.
Flavor | Version | Tinstall | Tcheck | Ttotal | Status | Flags |
---|---|---|---|---|---|---|
r-devel-linux-x86_64-debian-clang | 0.3.0 | 4.10 | 52.01 | 56.11 | NOTE | |
r-devel-linux-x86_64-debian-gcc | 0.3.0 | 2.79 | 37.90 | 40.69 | NOTE | |
r-devel-linux-x86_64-fedora-clang | 0.3.0 | 68.05 | NOTE | |||
r-devel-linux-x86_64-fedora-gcc | 0.3.0 | 77.60 | NOTE | |||
r-devel-windows-x86_64 | 0.3.0 | 5.00 | 61.00 | 66.00 | NOTE | |
r-patched-linux-x86_64 | 0.3.0 | 3.08 | 50.84 | 53.92 | NOTE | |
r-release-linux-x86_64 | 0.3.0 | 3.88 | 49.90 | 53.78 | NOTE | |
r-release-macos-arm64 | 0.3.0 | 29.00 | NOTE | |||
r-release-macos-x86_64 | 0.3.0 | 47.00 | NOTE | |||
r-release-windows-x86_64 | 0.3.0 | 5.00 | 64.00 | 69.00 | NOTE | |
r-oldrel-macos-arm64 | 0.3.0 | 27.00 | NOTE | |||
r-oldrel-macos-x86_64 | 0.3.0 | 31.00 | NOTE | |||
r-oldrel-windows-x86_64 | 0.3.0 | 6.00 | 66.00 | 72.00 | NOTE |
Version: 0.3.0
Check: LazyData
Result: NOTE
'LazyData' is specified without a 'data' directory
Flavors: r-devel-linux-x86_64-debian-clang, r-devel-linux-x86_64-debian-gcc, r-devel-linux-x86_64-fedora-clang, r-devel-linux-x86_64-fedora-gcc, r-devel-windows-x86_64, r-patched-linux-x86_64, r-release-linux-x86_64, r-release-macos-arm64, r-release-macos-x86_64, r-release-windows-x86_64, r-oldrel-macos-arm64, r-oldrel-macos-x86_64, r-oldrel-windows-x86_64