CRAN Package Check Results for Package lolR

Last updated on 2022-01-21 23:48:51 CET.

Flavor Version Tinstall Tcheck Ttotal Status Flags
r-devel-linux-x86_64-debian-clang 2.1 9.92 206.50 216.42 NOTE
r-devel-linux-x86_64-debian-gcc 2.1 8.23 149.52 157.75 NOTE
r-devel-linux-x86_64-fedora-clang 2.1 252.03 NOTE
r-devel-linux-x86_64-fedora-gcc 2.1 238.39 NOTE
r-devel-windows-x86_64-new-UL 2.1 51.00 256.00 307.00 NOTE
r-devel-windows-x86_64-new-TK 2.1 NOTE
r-patched-linux-x86_64 2.1 10.93 223.08 234.01 NOTE
r-release-linux-x86_64 2.1 6.62 220.18 226.80 NOTE
r-release-macos-arm64 2.1 NOTE
r-release-macos-x86_64 2.1 NOTE
r-release-windows-ix86+x86_64 2.1 22.00 259.00 281.00 NOTE
r-oldrel-macos-x86_64 2.1 NOTE
r-oldrel-windows-ix86+x86_64 2.1 22.00 262.00 284.00 OK

Check Details

Version: 2.1
Check: LazyData
Result: NOTE
     'LazyData' is specified without a 'data' directory
Flavors: r-devel-linux-x86_64-debian-clang, r-devel-linux-x86_64-debian-gcc, r-devel-linux-x86_64-fedora-clang, r-devel-linux-x86_64-fedora-gcc, r-devel-windows-x86_64-new-UL, r-devel-windows-x86_64-new-TK, r-patched-linux-x86_64, r-release-linux-x86_64, r-release-macos-arm64, r-release-macos-x86_64, r-release-windows-ix86+x86_64

Version: 2.1
Check: dependencies in R code
Result: NOTE
    Namespace in Imports field not imported from: ‘ggplot2’
     All declared Imports should be used.
Flavors: r-devel-linux-x86_64-fedora-clang, r-devel-linux-x86_64-fedora-gcc, r-devel-windows-x86_64-new-TK, r-release-macos-arm64, r-release-macos-x86_64, r-oldrel-macos-x86_64