CRAN Package Check Results for Package longCatEDA

Last updated on 2021-09-21 04:55:17 CEST.

Flavor Version Tinstall Tcheck Ttotal Status Flags
r-devel-linux-x86_64-debian-clang 0.31 2.87 35.28 38.15 OK
r-devel-linux-x86_64-debian-gcc 0.31 2.55 27.30 29.85 OK
r-devel-linux-x86_64-fedora-clang 0.31 55.68 OK
r-devel-linux-x86_64-fedora-gcc 0.31 44.22 OK
r-devel-windows-x86_64 0.31 4.00 43.00 47.00 OK
r-devel-windows-x86_64-gcc10-UCRT 0.31 ERROR
r-patched-linux-x86_64 0.31 3.11 33.60 36.71 OK
r-patched-solaris-x86 0.31 63.40 OK
r-release-linux-x86_64 0.31 2.88 33.94 36.82 OK
r-release-macos-arm64 0.31 OK
r-release-macos-x86_64 0.31 OK
r-release-windows-ix86+x86_64 0.31 6.00 44.00 50.00 OK
r-oldrel-macos-x86_64 0.31 OK
r-oldrel-windows-ix86+x86_64 0.31 6.00 41.00 47.00 OK

Check Details

Version: 0.31
Check: whether package can be installed
Result: WARN
    Found the following significant warnings:
     WARNING: installation-time patches will not be applied, could not get the patches index
Flavor: r-devel-windows-x86_64-gcc10-UCRT

Version: 0.31
Check: PDF version of manual
Result: WARN
    LaTeX errors when creating PDF version.
    This typically indicates Rd problems.
Flavor: r-devel-windows-x86_64-gcc10-UCRT

Version: 0.31
Check: PDF version of manual without hyperrefs or index
Result: ERROR
    Re-running with no redirection of stdout/stderr.
Flavor: r-devel-windows-x86_64-gcc10-UCRT