Last updated on 2023-12-07 07:50:35 CET.
Flavor | Version | Tinstall | Tcheck | Ttotal | Status | Flags |
---|---|---|---|---|---|---|
r-devel-linux-x86_64-debian-clang | 2.4.5 | 12.96 | 81.88 | 94.84 | NOTE | |
r-devel-linux-x86_64-debian-gcc | 2.4.5 | 9.56 | 61.42 | 70.98 | NOTE | |
r-devel-linux-x86_64-fedora-clang | 2.4.5 | 123.18 | OK | |||
r-devel-linux-x86_64-fedora-gcc | 2.4.5 | 117.24 | OK | |||
r-devel-windows-x86_64 | 2.4.5 | 11.00 | 83.00 | 94.00 | OK | |
r-patched-linux-x86_64 | 2.4.5 | 9.23 | 80.67 | 89.90 | OK | |
r-release-linux-x86_64 | 2.4.5 | 12.15 | 79.32 | 91.47 | OK | |
r-release-macos-arm64 | 2.4.5 | 39.00 | OK | |||
r-release-macos-x86_64 | 2.4.5 | 63.00 | OK | |||
r-release-windows-x86_64 | 2.4.5 | 13.00 | 92.00 | 105.00 | OK | |
r-oldrel-macos-arm64 | 2.4.5 | 47.00 | OK | |||
r-oldrel-macos-x86_64 | 2.4.5 | 73.00 | OK | |||
r-oldrel-windows-x86_64 | 2.4.5 | 17.00 | 95.00 | 112.00 | OK |
Version: 2.4.5
Check: Rd files
Result: NOTE
checkRd: (-1) ListPartition-class.Rd:114: Lost braces; missing escapes or markup?
114 | Christophe Genolini^{1,2}\cr
| ^
checkRd: (-1) imputation.Rd:50-55: Lost braces in \itemize; meant \describe ?
checkRd: (-1) imputation.Rd:52: Lost braces in \itemize; meant \describe ?
checkRd: (-1) imputation.Rd:53: Lost braces in \itemize; meant \describe ?
checkRd: (-1) imputation.Rd:57-65: Lost braces in \itemize; meant \describe ?
checkRd: (-1) imputation.Rd:59: Lost braces in \itemize; meant \describe ?
checkRd: (-1) imputation.Rd:60-63: Lost braces in \itemize; meant \describe ?
checkRd: (-1) imputation.Rd:67-75: Lost braces in \itemize; meant \describe ?
checkRd: (-1) imputation.Rd:69: Lost braces in \itemize; meant \describe ?
checkRd: (-1) imputation.Rd:70-71: Lost braces in \itemize; meant \describe ?
checkRd: (-1) imputation.Rd:72-73: Lost braces in \itemize; meant \describe ?
checkRd: (-1) imputation.Rd:77-86: Lost braces in \itemize; meant \describe ?
checkRd: (-1) imputation.Rd:79: Lost braces in \itemize; meant \describe ?
checkRd: (-1) imputation.Rd:80-84: Lost braces in \itemize; meant \describe ?
checkRd: (-1) imputation.Rd:88-91: Lost braces in \itemize; meant \describe ?
checkRd: (-1) imputation.Rd:93-96: Lost braces in \itemize; meant \describe ?
checkRd: (-1) imputation.Rd:98-101: Lost braces in \itemize; meant \describe ?
checkRd: (-1) imputation.Rd:103-106: Lost braces in \itemize; meant \describe ?
checkRd: (-1) imputation.Rd:107-115: Lost braces in \itemize; meant \describe ?
checkRd: (-1) imputation.Rd:110-111: Lost braces in \itemize; meant \describe ?
checkRd: (-1) imputation.Rd:112-113: Lost braces in \itemize; meant \describe ?
checkRd: (-1) imputation.Rd:116-124: Lost braces in \itemize; meant \describe ?
checkRd: (-1) imputation.Rd:119-120: Lost braces in \itemize; meant \describe ?
checkRd: (-1) imputation.Rd:121: Lost braces in \itemize; meant \describe ?
checkRd: (-1) imputation.Rd:125: Lost braces in \itemize; meant \describe ?
checkRd: (-1) imputation.Rd:126: Lost braces in \itemize; meant \describe ?
checkRd: (-1) imputation.Rd:127: Lost braces in \itemize; meant \describe ?
checkRd: (-1) imputation.Rd:128: Lost braces in \itemize; meant \describe ?
checkRd: (-1) imputation.Rd:129: Lost braces in \itemize; meant \describe ?
checkRd: (-1) imputation.Rd:130: Lost braces in \itemize; meant \describe ?
checkRd: (-1) qualityCriterion.Rd:73-74: Lost braces in \itemize; meant \describe ?
checkRd: (-1) qualityCriterion.Rd:75-76: Lost braces in \itemize; meant \describe ?
checkRd: (-1) qualityCriterion.Rd:77-79: Lost braces in \itemize; meant \describe ?
checkRd: (-1) qualityCriterion.Rd:80-83: Lost braces in \itemize; meant \describe ?
checkRd: (-1) qualityCriterion.Rd:84-88: Lost braces in \itemize; meant \describe ?
checkRd: (-1) qualityCriterion.Rd:89: Lost braces in \itemize; meant \describe ?
checkRd: (-1) qualityCriterion.Rd:111: Lost braces in \itemize; meant \describe ?
checkRd: (-1) qualityCriterion.Rd:112: Lost braces in \itemize; meant \describe ?
checkRd: (-1) qualityCriterion.Rd:113: Lost braces in \itemize; meant \describe ?
checkRd: (-1) qualityCriterion.Rd:114: Lost braces in \itemize; meant \describe ?
checkRd: (-1) qualityCriterion.Rd:115: Lost braces in \itemize; meant \describe ?
Flavors: r-devel-linux-x86_64-debian-clang, r-devel-linux-x86_64-debian-gcc