CRAN Package Check Results for Package loon

Last updated on 2021-10-25 04:54:14 CEST.

Flavor Version Tinstall Tcheck Ttotal Status Flags
r-devel-linux-x86_64-debian-clang 1.3.8 25.91 217.92 243.83 OK
r-devel-linux-x86_64-debian-gcc 1.3.8 18.46 160.95 179.41 OK
r-devel-linux-x86_64-fedora-clang 1.3.8 311.94 OK
r-devel-linux-x86_64-fedora-gcc 1.3.8 294.73 OK
r-devel-windows-x86_64 1.3.8 31.00 263.00 294.00 OK
r-devel-windows-x86_64-gcc10-UCRT 1.3.8 OK
r-patched-linux-x86_64 1.3.8 28.02 216.24 244.26 OK
r-patched-solaris-x86 1.3.8 374.20 OK
r-release-linux-x86_64 1.3.8 26.28 215.40 241.68 OK
r-release-macos-arm64 1.3.8 NOTE
r-release-macos-x86_64 1.3.8 NOTE
r-release-windows-ix86+x86_64 1.3.8 23.00 732.00 755.00 OK
r-oldrel-macos-x86_64 1.3.8 NOTE
r-oldrel-windows-ix86+x86_64 1.3.8 34.00 302.00 336.00 OK

Check Details

Version: 1.3.8
Check: package dependencies
Result: NOTE
    Package suggested but not available for checking: ‘RDRToolbox’
Flavors: r-release-macos-arm64, r-release-macos-x86_64, r-oldrel-macos-x86_64