CRAN Package Check Results for Package lpcde

Last updated on 2023-03-31 16:53:52 CEST.

Flavor Version Tinstall Tcheck Ttotal Status Flags
r-devel-linux-x86_64-debian-clang 0.1.0 35.42 546.27 581.69 NOTE
r-devel-linux-x86_64-debian-gcc 0.1.0 26.31 373.30 399.61 NOTE
r-devel-linux-x86_64-fedora-clang 0.1.0 699.52 NOTE
r-devel-linux-x86_64-fedora-gcc 0.1.0 711.87 NOTE
r-devel-windows-x86_64 0.1.0 52.00 0.00 52.00 ERROR
r-patched-linux-x86_64 0.1.0 35.76 509.02 544.78 NOTE
r-release-linux-x86_64 0.1.0 29.39 526.19 555.58 OK
r-release-macos-arm64 0.1.0 128.00 OK
r-release-macos-x86_64 0.1.0 186.00 OK
r-release-windows-x86_64 0.1.0 41.00 592.00 633.00 OK
r-oldrel-macos-arm64 0.1.0 129.00 OK
r-oldrel-macos-x86_64 0.1.0 183.00 OK
r-oldrel-windows-ix86+x86_64 0.1.0 80.00 1114.00 1194.00 OK

Check Details

Version: 0.1.0
Check: C++ specification
Result: NOTE
     Specified C++11: please drop specification unless essential
Flavors: r-devel-linux-x86_64-debian-clang, r-devel-linux-x86_64-debian-gcc, r-devel-linux-x86_64-fedora-clang, r-devel-linux-x86_64-fedora-gcc, r-devel-windows-x86_64, r-patched-linux-x86_64

Version: 0.1.0
Check: tests
Result: ERROR
     Running 'test.R' [357s]
     Running 'testthat.R' [87s]
    Running the tests in 'tests/testthat.R' failed.
    Complete output:
     > library(testthat)
     > library(lpcde)
     >
     > test_check("lpcde")
     Call: lpbwcde
    
     Sample size 100
     Number of grid points 19
     Polynomial order for Y point estimation (p=) 2
     Polynomial order for X point estimation (q=) 1
     Order of derivative estimated for Y (mu=) 1
     Order of derivative estimated for X (nu=) 0
     Kernel function epanechnikov
     Bandwidth method imse-rot
    
     Use summary(...) to show bandwidths.
     Call: lpbwcde
    
     Sample size 100
     Polynomial order for Y point estimation (p=) 2
     Polynomial order for X point estimation (q=) 1
     Density function estimated (mu=) 1
     Order of derivative estimated for covariates (nu=) 0
     Kernel function epanechnikov
     Bandwidth method imse-rot
    
     ==================================
     Index y_grid B.W. Eff.n
     ==================================
     1 -1.2982 1.3628 45
     2 -1.0672 1.3628 55
     3 -0.9692 1.3628 56
     4 -0.6615 1.3628 65
     5 -0.5084 1.3628 66
     ----------------------------------
     6 -0.4709 1.3628 67
     7 -0.4265 1.3628 68
     8 -0.3504 1.3628 67
     9 -0.1731 1.3628 68
     10 -0.0693 1.3628 68
     ----------------------------------
     11 -0.0095 1.3628 68
     12 0.0911 1.3628 69
     13 0.1276 1.3628 68
     14 0.1804 1.3628 67
     15 0.3317 1.3628 66
     ----------------------------------
     16 0.5471 1.3628 62
     17 0.6592 1.3628 61
     18 0.8863 1.3628 54
     19 1.1273 1.3628 47
     ==================================
     Call: lpbwcde
    
     Sample size 100
     Polynomial order for Y point estimation (p=) 2
     Polynomial order for X point estimation (q=) 1
     Density function estimated (mu=) 1
     Order of derivative estimated for covariates (nu=) 0
     Kernel function epanechnikov
     Bandwidth method imse-rot
    
     ==================================
     Index y_grid B.W. Eff.n
     ==================================
     1 -1.2057 1.2836 38
     2 -0.9482 1.2836 40
     3 -0.5360 1.2836 45
     4 -0.2240 1.2836 49
     5 -0.0247 1.2836 53
     ----------------------------------
     6 0.1705 1.2836 54
     7 0.4533 1.2836 48
     8 0.8878 1.2836 39
     9 1.2624 1.2836 30
     ==================================
     Call: lpbwcde
    
     Sample size 100
     Number of grid points 9
     Polynomial order for Y point estimation (p=) 3
     Polynomial order for X point estimation (q=) 1
     Order of derivative estimated for Y (mu=) 0
     Order of derivative estimated for X (nu=) 0
     Kernel function epanechnikov
     Bandwidth method imse-rot
    
     Use summary(...) to show bandwidths.
     Call: lpbwcde
    
     Sample size 100
     Polynomial order for Y point estimation (p=) 3
     Polynomial order for X point estimation (q=) 1
     Distribution function estimated (mu=) 0
     Order of derivative estimated for covariates (nu=) 0
     Kernel function epanechnikov
     Bandwidth method imse-rot
    
     ==================================
     Index y_grid B.W. Eff.n
     ==================================
     1 -1.2982 1.6080 63
     2 -0.9020 1.6080 74
     3 -0.4877 1.6080 80
     4 -0.3706 1.6080 84
     5 -0.0693 1.6080 86
     ----------------------------------
     6 0.1065 1.6080 84
     7 0.2193 1.6080 83
     8 0.6006 1.6080 78
     9 1.1273 1.6080 63
     ==================================
     Call: lpcde
    
     Sample size 100
     Number of grid points 9
     Polynomial order for Y point estimation (p=) 2
     Polynomial order for X point estimation (q=) 1
     Order of derivative estimated for Y (mu=) 1
     Order of derivative estimated for X (nu=) 0
     Kernel function epanechnikov
     Bandwidth method
    
     Use summary(...) to show estimates.
     Call: lpcde
    
     Sample size 100
     Polynomial order for Y point estimation (p=) 2
     Polynomial order for X point estimation (q=) 1
     Density function estimated (mu=) 1
     Order of derivative estimated for covariates (nu=) 0
     Kernel function epanechnikov
     Bandwidth method
    
     =============================================================================
     Point Std. Robust B.C.
     Index Grid B.W. Eff.n Est. Error [ Unif. 95% C.I. ]
     =============================================================================
     1 -1.2982 1.8000 70 0.1894 0.0286 0.1035 , 0.3399
     2 -0.9020 1.8000 80 0.2929 0.0167 0.2457 , 0.4150
     3 -0.4877 1.8000 88 0.3525 0.0108 0.3288 , 0.4834
     4 -0.3706 1.8000 88 0.3599 0.0099 0.3398 , 0.4957
     5 -0.0693 1.8000 90 0.3660 0.0082 0.3522 , 0.5003
     -----------------------------------------------------------------------------
     6 0.1065 1.8000 91 0.3608 0.0077 0.3486 , 0.4770
     7 0.2193 1.8000 89 0.3538 0.0076 0.3376 , 0.4593
     8 0.6006 1.8000 81 0.3058 0.0076 0.2683 , 0.3839
     9 1.1273 1.8000 71 0.1866 0.0144 0.1213 , 0.2488
     =============================================================================
     Call: lpcde
    
     Sample size 100
     Polynomial order for Y point estimation (p=) 3
     Polynomial order for X point estimation (q=) 1
     Distribution function estimated (mu=) 0
     Order of derivative estimated for covariates (nu=) 0
     Kernel function epanechnikov
     Bandwidth method
    
     =============================================================================
     Point Std. Robust B.C.
     Index Grid B.W. Eff.n Est. Error [ 95% C.I. ]
     =============================================================================
     1 -1.2982 1.6080 63 0.1293 0.0112 -12.8606 , 13.1445
     2 -0.9020 1.6080 74 0.2148 0.0048 -7.3805 , 7.8645
     3 -0.4877 1.6080 80 0.3641 0.0028 -5.1868 , 5.9586
     4 -0.3706 1.6080 84 0.4079 0.0026 -4.5266 , 5.4014
     5 -0.0693 1.6080 86 0.5281 0.0023 -3.7306 , 4.8326
     -----------------------------------------------------------------------------
     6 0.1065 1.6080 84 0.5881 0.0021 -3.5918 , 4.8189
     7 0.2193 1.6080 83 0.6199 0.0020 -3.3994 , 4.6688
     8 0.6006 1.6080 78 0.7457 0.0016 -3.4057 , 4.9102
     9 1.1273 1.6080 63 0.8637 0.0034 -5.5277 , 7.2612
     =============================================================================
     Call: lpcde
    
     Sample size 100
     Polynomial order for Y point estimation (p=) 2
     Polynomial order for X point estimation (q=) 1
     Density function estimated (mu=) 1
     Order of derivative estimated for covariates (nu=) 0
     Kernel function epanechnikov
     Bandwidth method
    
     =============================================================================
     Point Std. Robust B.C.
     Index Grid B.W. Eff.n Est. Error [ Unif. 95% C.I. ]
     =============================================================================
     1 -1.2057 1.2836 38 0.2324 0.0516 -0.0752 , 0.8697
     2 -0.9482 1.2836 40 0.2835 0.0436 0.0186 , 0.8831
     3 -0.5360 1.2836 45 0.3372 0.0292 0.0616 , 0.7294
     4 -0.2240 1.2836 49 0.3355 0.0243 -0.0460 , 0.6155
     5 -0.0247 1.2836 53 0.3229 0.0215 -0.0618 , 0.5696
     -----------------------------------------------------------------------------
     6 0.1705 1.2836 54 0.3138 0.0205 -0.0228 , 0.5043
     7 0.4533 1.2836 48 0.2972 0.0201 -0.0139 , 0.4882
     8 0.8878 1.2836 39 0.2660 0.0364 -0.0229 , 0.5774
     9 1.2624 1.2836 30 0.2131 0.0397 -0.1716 , 0.6656
     =============================================================================
     [ FAIL 0 | WARN 1 | SKIP 1 | PASS 43 ]
    
     ══ Skipped tests ═══════════════════════════════════════════════════════════════
     • empty test (1)
    
     [ FAIL 0 | WARN 1 | SKIP 1 | PASS 43 ]
     Error in inDL(x, as.logical(local), as.logical(now), ...) :
     unable to load shared object 'D:/RCompile/recent/R/library/tools/libs/x64/tools.dll':
     LoadLibrary failure: Die Auslagerungsdatei ist zu klein, um diesen Vorgang durchzuführen.
     Calls: test_check ... paste0 -> loadNamespace -> library.dynam -> dyn.load -> inDL
     Execution halted
Flavor: r-devel-windows-x86_64