Last updated on 2023-03-23 23:51:55 CET.
Flavor | Version | Tinstall | Tcheck | Ttotal | Status | Flags |
---|---|---|---|---|---|---|
r-devel-linux-x86_64-debian-clang | 1.1.3 | 161.91 | 46.15 | 208.06 | OK | |
r-devel-linux-x86_64-debian-gcc | 1.1.3 | 120.40 | 35.64 | 156.04 | OK | |
r-devel-linux-x86_64-fedora-clang | 1.1.3 | 330.53 | OK | |||
r-devel-linux-x86_64-fedora-gcc | 1.1.3 | 287.50 | OK | |||
r-patched-linux-x86_64 | 1.1.3 | 134.43 | 46.84 | 181.27 | OK | |
r-release-linux-x86_64 | 1.1.3 | 123.81 | 47.27 | 171.08 | OK | |
r-release-macos-arm64 | 1.1.3 | 61.00 | NOTE | |||
r-release-macos-x86_64 | 1.1.3 | 92.00 | NOTE | |||
r-release-windows-x86_64 | 1.1.3 | 174.00 | 95.00 | 269.00 | OK | |
r-oldrel-macos-arm64 | 1.1.3 | 60.00 | NOTE | |||
r-oldrel-macos-x86_64 | 1.1.3 | 87.00 | NOTE | |||
r-oldrel-windows-ix86+x86_64 | 1.1.3 | 366.00 | 116.00 | 482.00 | OK |
Version: 1.1.3
Check: installed package size
Result: NOTE
installed size is 5.6Mb
sub-directories of 1Mb or more:
libs 5.4Mb
Flavors: r-release-macos-arm64, r-release-macos-x86_64, r-oldrel-macos-arm64, r-oldrel-macos-x86_64